{"id":32573,"date":"2025-07-02T15:06:42","date_gmt":"2025-07-02T13:06:42","guid":{"rendered":"https:\/\/www.perla.al\/?post_type=estate&#038;p=32573"},"modified":"2025-07-02T15:06:42","modified_gmt":"2025-07-02T13:06:42","slug":"truall-per-qira-rinas-tirane","status":"publish","type":"estate","link":"https:\/\/www.perla.al\/al\/properties\/industrial-land\/tirane\/rinas-tirane\/truall-per-qira-rinas-tirane\/","title":{"rendered":"Truall &#8211; P\u00ebr Qira &#8211; Rinas, Tiran\u00eb"},"content":{"rendered":"<p>SUPER MUND\u00cbSI P\u00cbR BIZNES<br \/>\nJEPET TOKE ME QIRA:<\/p>\n<p>Sip\u00ebrfaqja: ~1400 m\u00b2<br \/>\nVendndodhja: Prane Aeroportit te Rinasit (i p\u00ebrshtatsh\u00ebm p\u00ebr logjistik\u00eb, depo, sh\u00ebrbime, ose biznese t\u00eb tjera)<\/p>\n<p>Karakteristika:<br \/>\n-Vendndodhje strategjike pran\u00eb nj\u00eb prej qendrave m\u00eb t\u00eb r\u00ebnd\u00ebsishme t\u00eb transportit n\u00eb vend.<br \/>\n-Akses i leht\u00eb dhe vizibilitet i mir\u00eb<\/p>\n<p>P\u00ebr nj\u00eb vizit\u00eb n\u00eb pron\u00eb ose m\u00eb shum\u00eb informacion, mos hezitoni t\u00eb na kontaktoni!<\/p>\n<p>Remax Perla Real Estate kompania num\u00ebr nj\u00eb n\u00eb shqiperi p\u00ebr Pasurit\u00eb e Paluajtshme!<br \/>\nNe i japim vler\u00eb pron\u00ebs tuaj!<\/p>\n","protected":false},"author":15,"featured_media":32572,"template":"","class_list":["post-32573","estate","type-estate","status-publish","has-post-thumbnail","hentry","property-type-industrial-land","offer-type-for-rent","neighborhood-rinas-tirane","city-tirane","street-rinas-tirane","klient-https-www-remax-albania-com-sq-al-listime-truall-per-qira-rinas-530481001-738"],"translation":{"provider":"WPGlobus","version":"2.12.2","language":"al","enabled_languages":["en","al"],"languages":{"en":{"title":true,"content":true,"excerpt":false},"al":{"title":false,"content":false,"excerpt":false}}},"_links":{"self":[{"href":"https:\/\/www.perla.al\/al\/wp-json\/wp\/v2\/estate\/32573"}],"collection":[{"href":"https:\/\/www.perla.al\/al\/wp-json\/wp\/v2\/estate"}],"about":[{"href":"https:\/\/www.perla.al\/al\/wp-json\/wp\/v2\/types\/estate"}],"author":[{"embeddable":true,"href":"https:\/\/www.perla.al\/al\/wp-json\/wp\/v2\/users\/15"}],"wp:featuredmedia":[{"embeddable":true,"href":"https:\/\/www.perla.al\/al\/wp-json\/wp\/v2\/media\/32572"}],"wp:attachment":[{"href":"https:\/\/www.perla.al\/al\/wp-json\/wp\/v2\/media?parent=32573"}],"curies":[{"name":"wp","href":"https:\/\/api.w.org\/{rel}","templated":true}]}}

Truall &#8211; Për Qira &#8211; Rinas, Tiranë

<p>SUPER MUNDËSI PËR BIZNES<br />
JEPET TOKE ME QIRA:</p>
<p>Sipërfaqja: ~1400 m²<br />
Vendndodhja: Prane Aeroportit te Rinasit (i përshtatshëm për logjistikë, depo, shërbime, ose biznese të tjera)</p>
<p>Karakteristika:<br />
-Vendndodhje strategjike pranë një prej qendrave më të rëndësishme të transportit në vend.<br />
-Akses i lehtë dhe vizibilitet i mirë</p>
<p>Për një vizitë në pronë ose më shumë informacion, mos hezitoni të na kontaktoni!</p>
<p>Remax Perla Real Estate kompania numër një në shqiperi për Pasuritë e Paluajtshme!<br />
Ne i japim vlerë pronës tuaj!</p>
