{"id":32585,"date":"2025-07-02T15:09:19","date_gmt":"2025-07-02T13:09:19","guid":{"rendered":"https:\/\/www.perla.al\/?post_type=estate&#038;p=32585"},"modified":"2025-07-02T15:09:19","modified_gmt":"2025-07-02T13:09:19","slug":"apartament-per-qira-sauk-i-ri-tirane","status":"publish","type":"estate","link":"https:\/\/www.perla.al\/al\/properties\/house\/tirane\/sauk\/apartament-per-qira-sauk-i-ri-tirane\/","title":{"rendered":"Apartament &#8211; P\u00ebr Qira &#8211; Sauk i Ri, Tiran\u00eb"},"content":{"rendered":"<p>Jepet me qira shtepi private, Sauk<\/p>\n<p>Shtepia eshte kombinim perfekt midis qetesise dhe rehatise.<br \/>\nShume prane rrugeve dhe kryeqezimeve te Tiranes, prane spitaleve, shkollave, si dhe prane nje lagjeve te shtepive private.<br \/>\nShume prane stacionit te autobuzit<br \/>\nSip trualli- 500 m2, mbjelle me peme dhe te rregulluar, si dhe mundesi per dy postparkimi<br \/>\nShtepia organizohet nga nje ambient ndjenje dhe gatimi, tre dhoma gjumi dhe dy banjo.<br \/>\nMobiluar dhe investuar totalisht te reja, mobiljet dhe elektroshtepiaket. Jepet per here te pare me qira<br \/>\nPreferohen familjare afatgjate<br \/>\n\u00c7mim i negociueshem.<\/p>\n<p>P\u00ebr nj\u00eb vizit\u00eb n\u00eb pron\u00eb ose m\u00eb shum\u00eb informacion, mos hezitoni t\u00eb na kontaktoni!<\/p>\n<p>Remax Perla Real Estate kompania num\u00ebr nj\u00eb n\u00eb shqiperi p\u00ebr Pasurit\u00eb e Paluajtshme!<br \/>\nNe i japim vler\u00eb pron\u00ebs tuaj!<\/p>\n","protected":false},"author":15,"featured_media":32584,"template":"","class_list":["post-32585","estate","type-estate","status-publish","has-post-thumbnail","hentry","property-type-house","offer-type-for-rent","neighborhood-sauk","city-tirane","street-sauk","klient-https-www-remax-albania-com-sq-al-listime-apartament-per-qira-sauk-i-ri-530481005-42"],"translation":{"provider":"WPGlobus","version":"2.12.2","language":"al","enabled_languages":["en","al"],"languages":{"en":{"title":true,"content":true,"excerpt":false},"al":{"title":false,"content":false,"excerpt":false}}},"_links":{"self":[{"href":"https:\/\/www.perla.al\/al\/wp-json\/wp\/v2\/estate\/32585"}],"collection":[{"href":"https:\/\/www.perla.al\/al\/wp-json\/wp\/v2\/estate"}],"about":[{"href":"https:\/\/www.perla.al\/al\/wp-json\/wp\/v2\/types\/estate"}],"author":[{"embeddable":true,"href":"https:\/\/www.perla.al\/al\/wp-json\/wp\/v2\/users\/15"}],"wp:featuredmedia":[{"embeddable":true,"href":"https:\/\/www.perla.al\/al\/wp-json\/wp\/v2\/media\/32584"}],"wp:attachment":[{"href":"https:\/\/www.perla.al\/al\/wp-json\/wp\/v2\/media?parent=32585"}],"curies":[{"name":"wp","href":"https:\/\/api.w.org\/{rel}","templated":true}]}}

Apartament &#8211; Për Qira &#8211; Sauk i Ri, Tiranë

<p>Jepet me qira shtepi private, Sauk</p>
<p>Shtepia eshte kombinim perfekt midis qetesise dhe rehatise.<br />
Shume prane rrugeve dhe kryeqezimeve te Tiranes, prane spitaleve, shkollave, si dhe prane nje lagjeve te shtepive private.<br />
Shume prane stacionit te autobuzit<br />
Sip trualli- 500 m2, mbjelle me peme dhe te rregulluar, si dhe mundesi per dy postparkimi<br />
Shtepia organizohet nga nje ambient ndjenje dhe gatimi, tre dhoma gjumi dhe dy banjo.<br />
Mobiluar dhe investuar totalisht te reja, mobiljet dhe elektroshtepiaket. Jepet per here te pare me qira<br />
Preferohen familjare afatgjate<br />
Çmim i negociueshem.</p>
<p>Për një vizitë në pronë ose më shumë informacion, mos hezitoni të na kontaktoni!</p>
<p>Remax Perla Real Estate kompania numër një në shqiperi për Pasuritë e Paluajtshme!<br />
Ne i japim vlerë pronës tuaj!</p>
