{"id":32605,"date":"2025-07-02T15:08:03","date_gmt":"2025-07-02T13:08:03","guid":{"rendered":"https:\/\/www.perla.al\/?post_type=estate&#038;p=32605"},"modified":"2025-07-02T15:08:03","modified_gmt":"2025-07-02T13:08:03","slug":"magazine-kapanon-per-qira-vore","status":"publish","type":"estate","link":"https:\/\/www.perla.al\/al\/properties\/warehouse\/tirane\/vore\/magazine-kapanon-per-qira-vore\/","title":{"rendered":"Magazin\u00eb\/Kapanon &#8211; P\u00ebr Qira &#8211; Vor\u00eb,"},"content":{"rendered":"<p>Ofrohet me qira kapanon ne Vore,<br \/>\nKapanoni ndodhet ne kati minus 1. Lartesia eshte 4.6 m2<\/p>\n<p>Ka ndricim natyral, futet trajleri dhe kamiona lehtesisht brenda objektit<br \/>\nMundesi per postparkimi<\/p>\n<p>Ambienti eshte ideal per magazinim dhe per punishte.<\/p>\n<p>Siperfaqeja 1100 m2<br \/>\n\u00c7mimi: 4000 euro\/neto<\/p>\n<p>P\u00ebr nj\u00eb vizit\u00eb n\u00eb pron\u00eb ose m\u00eb shum\u00eb informacion, mos hezitoni t\u00eb na kontaktoni!<\/p>\n<p>Remax Perla Real Estate kompania num\u00ebr nj\u00eb n\u00eb shqiperi p\u00ebr Pasurit\u00eb e Paluajtshme!<br \/>\nNe i japim vler\u00eb pron\u00ebs tuaj!<\/p>\n","protected":false},"author":15,"featured_media":32604,"template":"","class_list":["post-32605","estate","type-estate","status-publish","has-post-thumbnail","hentry","property-type-warehouse","offer-type-for-rent","neighborhood-vore","city-tirane","street-vore","klient-https-www-remax-albania-com-sq-al-listime-magazine-kapanon-per-qira-vore-530481001-733"],"translation":{"provider":"WPGlobus","version":"2.12.2","language":"al","enabled_languages":["en","al"],"languages":{"en":{"title":true,"content":true,"excerpt":false},"al":{"title":false,"content":false,"excerpt":false}}},"_links":{"self":[{"href":"https:\/\/www.perla.al\/al\/wp-json\/wp\/v2\/estate\/32605"}],"collection":[{"href":"https:\/\/www.perla.al\/al\/wp-json\/wp\/v2\/estate"}],"about":[{"href":"https:\/\/www.perla.al\/al\/wp-json\/wp\/v2\/types\/estate"}],"author":[{"embeddable":true,"href":"https:\/\/www.perla.al\/al\/wp-json\/wp\/v2\/users\/15"}],"wp:featuredmedia":[{"embeddable":true,"href":"https:\/\/www.perla.al\/al\/wp-json\/wp\/v2\/media\/32604"}],"wp:attachment":[{"href":"https:\/\/www.perla.al\/al\/wp-json\/wp\/v2\/media?parent=32605"}],"curies":[{"name":"wp","href":"https:\/\/api.w.org\/{rel}","templated":true}]}}

Magazinë/Kapanon &#8211; Për Qira &#8211; Vorë,

<p>Ofrohet me qira kapanon ne Vore,<br />
Kapanoni ndodhet ne kati minus 1. Lartesia eshte 4.6 m2</p>
<p>Ka ndricim natyral, futet trajleri dhe kamiona lehtesisht brenda objektit<br />
Mundesi per postparkimi</p>
<p>Ambienti eshte ideal per magazinim dhe per punishte.</p>
<p>Siperfaqeja 1100 m2<br />
Çmimi: 4000 euro/neto</p>
<p>Për një vizitë në pronë ose më shumë informacion, mos hezitoni të na kontaktoni!</p>
<p>Remax Perla Real Estate kompania numër një në shqiperi për Pasuritë e Paluajtshme!<br />
Ne i japim vlerë pronës tuaj!</p>
