{"id":32664,"date":"2025-07-08T09:57:12","date_gmt":"2025-07-08T07:57:12","guid":{"rendered":"https:\/\/www.perla.al\/?post_type=estate&#038;p=32664"},"modified":"2025-07-08T09:57:12","modified_gmt":"2025-07-08T07:57:12","slug":"apartament-per-qira-sanatorium-tirane","status":"publish","type":"estate","link":"https:\/\/www.perla.al\/al\/properties\/apartment\/tirane\/sauk\/apartament-per-qira-sanatorium-tirane\/","title":{"rendered":"Apartament &#8211; P\u00ebr Qira &#8211; Sanatorium, Tiran\u00eb"},"content":{"rendered":"<p>Ofrohet per qira kati dyte i nje vile, i organizuar ne ambient ndnje dhe 2dhome gjumi.<br \/>\nEshte i sapomobiluar i pabanuar me pare. Kati zero ne pjesen ballore te viles eshte aktualisht per biznes, dhe dy katet me lart te banueshme nga vete pronaret.<br \/>\nAmbienti eshte mjaft i ndricuar dhe i ngrohte, me kondicioner si dhe te gjitha paisjet e domsdoshme.<\/p>\n<p>P\u00ebr nj\u00eb vizit\u00eb n\u00eb pron\u00eb ose m\u00eb shum\u00eb informacion, mos hezitoni t\u00eb na kontaktoni!<\/p>\n<p>Remax Perla Real Estate kompania num\u00ebr nj\u00eb n\u00eb shqiperi p\u00ebr Pasurit\u00eb e Paluajtshme!<br \/>\nNe i japim vler\u00eb pron\u00ebs tuaj!<\/p>\n","protected":false},"author":174,"featured_media":32663,"template":"","class_list":["post-32664","estate","type-estate","status-publish","has-post-thumbnail","hentry","property-type-apartment","offer-type-for-rent","neighborhood-sauk","city-tirane","street-sauk","klient-https-www-remax-albania-com-en-listings-condo-apartment-for-rent-lease-sanatorium-530261059-298langsq-al"],"translation":{"provider":"WPGlobus","version":"2.12.2","language":"al","enabled_languages":["en","al"],"languages":{"en":{"title":true,"content":true,"excerpt":false},"al":{"title":false,"content":false,"excerpt":false}}},"_links":{"self":[{"href":"https:\/\/www.perla.al\/al\/wp-json\/wp\/v2\/estate\/32664"}],"collection":[{"href":"https:\/\/www.perla.al\/al\/wp-json\/wp\/v2\/estate"}],"about":[{"href":"https:\/\/www.perla.al\/al\/wp-json\/wp\/v2\/types\/estate"}],"author":[{"embeddable":true,"href":"https:\/\/www.perla.al\/al\/wp-json\/wp\/v2\/users\/174"}],"wp:featuredmedia":[{"embeddable":true,"href":"https:\/\/www.perla.al\/al\/wp-json\/wp\/v2\/media\/32663"}],"wp:attachment":[{"href":"https:\/\/www.perla.al\/al\/wp-json\/wp\/v2\/media?parent=32664"}],"curies":[{"name":"wp","href":"https:\/\/api.w.org\/{rel}","templated":true}]}}

Apartament &#8211; Për Qira &#8211; Sanatorium, Tiranë

<p>Ofrohet per qira kati dyte i nje vile, i organizuar ne ambient ndnje dhe 2dhome gjumi.<br />
Eshte i sapomobiluar i pabanuar me pare. Kati zero ne pjesen ballore te viles eshte aktualisht per biznes, dhe dy katet me lart te banueshme nga vete pronaret.<br />
Ambienti eshte mjaft i ndricuar dhe i ngrohte, me kondicioner si dhe te gjitha paisjet e domsdoshme.</p>
<p>Për një vizitë në pronë ose më shumë informacion, mos hezitoni të na kontaktoni!</p>
<p>Remax Perla Real Estate kompania numër një në shqiperi për Pasuritë e Paluajtshme!<br />
Ne i japim vlerë pronës tuaj!</p>
