{"id":32713,"date":"2025-07-08T09:58:12","date_gmt":"2025-07-08T07:58:12","guid":{"rendered":"https:\/\/www.perla.al\/?post_type=estate&#038;p=32713"},"modified":"2025-07-08T09:58:12","modified_gmt":"2025-07-08T07:58:12","slug":"jepet-per-shitje-duplex-te-tirana-golden-park","status":"publish","type":"estate","link":"https:\/\/www.perla.al\/al\/properties\/duplex\/tirane\/kompleksi-tirana-golden-park\/jepet-per-shitje-duplex-te-tirana-golden-park\/","title":{"rendered":"JEPET  PER SHITJE DUPLEX TE TIRANA GOLDEN PARK!"},"content":{"rendered":"<p>Duplexi ndodhet tek Kompleksi Golden Park.<\/p>\n<p>Informacion mbi pronen :<br \/>\n-Siperfaqe totale 90m2<br \/>\n-Siperfaqe neto 80m2<br \/>\n-Kati 1<br \/>\n-Organizohet ne 2+1+2<br \/>\n-Sistem kondicionimi<\/p>\n<p>P\u00ebr nj\u00eb vizit\u00eb n\u00eb pron\u00eb ose m\u00eb shum\u00eb informacion, mos hezitoni t\u00eb na kontaktoni!<\/p>\n<p>Remax Perla Real Estate kompania num\u00ebr nj\u00eb n\u00eb shqiperi p\u00ebr Pasurit\u00eb e Paluajtshme!<br \/>\nNe i japim vler\u00eb pron\u00ebs tuaj!<\/p>\n","protected":false},"author":174,"featured_media":32712,"template":"","class_list":["post-32713","estate","type-estate","status-publish","has-post-thumbnail","hentry","property-type-duplex","offer-type-for-sale","neighborhood-kompleksi-tirana-golden-park","city-tirane","klient-https-www-remax-albania-com-en-listings-condo-apartment-for-sale-tirana-golden-park-530491003-397langsq-al"],"translation":{"provider":"WPGlobus","version":"2.12.2","language":"al","enabled_languages":["en","al"],"languages":{"en":{"title":true,"content":true,"excerpt":false},"al":{"title":false,"content":false,"excerpt":false}}},"_links":{"self":[{"href":"https:\/\/www.perla.al\/al\/wp-json\/wp\/v2\/estate\/32713"}],"collection":[{"href":"https:\/\/www.perla.al\/al\/wp-json\/wp\/v2\/estate"}],"about":[{"href":"https:\/\/www.perla.al\/al\/wp-json\/wp\/v2\/types\/estate"}],"author":[{"embeddable":true,"href":"https:\/\/www.perla.al\/al\/wp-json\/wp\/v2\/users\/174"}],"wp:featuredmedia":[{"embeddable":true,"href":"https:\/\/www.perla.al\/al\/wp-json\/wp\/v2\/media\/32712"}],"wp:attachment":[{"href":"https:\/\/www.perla.al\/al\/wp-json\/wp\/v2\/media?parent=32713"}],"curies":[{"name":"wp","href":"https:\/\/api.w.org\/{rel}","templated":true}]}}

<p>Duplexi ndodhet tek Kompleksi Golden Park.</p>
<p>Informacion mbi pronen :<br />
-Siperfaqe totale 90m2<br />
-Siperfaqe neto 80m2<br />
-Kati 1<br />
-Organizohet ne 2+1+2<br />
-Sistem kondicionimi</p>
<p>Për një vizitë në pronë ose më shumë informacion, mos hezitoni të na kontaktoni!</p>
<p>Remax Perla Real Estate kompania numër një në shqiperi për Pasuritë e Paluajtshme!<br />
Ne i japim vlerë pronës tuaj!</p>
