{"id":32744,"date":"2025-07-08T11:54:28","date_gmt":"2025-07-08T09:54:28","guid":{"rendered":"https:\/\/www.perla.al\/?post_type=estate&#038;p=32744"},"modified":"2025-07-08T11:54:28","modified_gmt":"2025-07-08T09:54:28","slug":"apartament-21-per-shitje-tek-kodra-e-diellit","status":"publish","type":"estate","link":"https:\/\/www.perla.al\/al\/properties\/apartment\/tirane\/kodra-e-dielli\/apartament-21-per-shitje-tek-kodra-e-diellit\/","title":{"rendered":"Apartament 2+1 per shitje tek Kodra e Diellit!"},"content":{"rendered":"<p>Apartament 2+1 per shitje tek Kurora e Kopeshtit Botanik tek hyrja e Rezidences Kodra e Diellit!<\/p>\n<p>Cilesia e ndertimit do te jete e nje standarti te larte , duke nisur nga fasada e ventiluar qeramike. Ballkone xhami, Dritare plastike dhe termike. Ndarjet e brenshme me gips dhe lesh guri. Eco parking per parkimin e makinave.<br \/>\nPlanimetri drejtkendore dhe organizim i rregullt ne apartament. Nje sallon dhe kuzhine, dy dhoma gjumi,dy tualete nga te cilat njeri me dritare, nje ballkon<br \/>\nGati per banim<\/p>\n<p>P\u00ebr nj\u00eb vizit\u00eb n\u00eb pron\u00eb ose m\u00eb shum\u00eb informacion, mos hezitoni t\u00eb na kontaktoni!<\/p>\n<p>Remax Perla Real Estate kompania num\u00ebr nj\u00eb n\u00eb shqiperi p\u00ebr Pasurit\u00eb e Paluajtshme!<br \/>\nNe i japim vler\u00eb pron\u00ebs tuaj!<\/p>\n","protected":false},"author":15,"featured_media":32743,"template":"","class_list":["post-32744","estate","type-estate","status-publish","has-post-thumbnail","hentry","property-type-apartment","offer-type-for-sale","neighborhood-kodra-e-dielli","city-tirane","street-kodra-e-diellit","features-air-conditioning","features-balcony","features-kitchen","features-lift","klient-https-www-remax-albania-com-sq-al-listime-apartament-per-shitje-kodra-e-diellit-kodra-e-diellit-kopeshti-botanik-530191006-1041"],"translation":{"provider":"WPGlobus","version":"2.12.2","language":"al","enabled_languages":["en","al"],"languages":{"en":{"title":true,"content":true,"excerpt":false},"al":{"title":false,"content":false,"excerpt":false}}},"_links":{"self":[{"href":"https:\/\/www.perla.al\/al\/wp-json\/wp\/v2\/estate\/32744"}],"collection":[{"href":"https:\/\/www.perla.al\/al\/wp-json\/wp\/v2\/estate"}],"about":[{"href":"https:\/\/www.perla.al\/al\/wp-json\/wp\/v2\/types\/estate"}],"author":[{"embeddable":true,"href":"https:\/\/www.perla.al\/al\/wp-json\/wp\/v2\/users\/15"}],"wp:featuredmedia":[{"embeddable":true,"href":"https:\/\/www.perla.al\/al\/wp-json\/wp\/v2\/media\/32743"}],"wp:attachment":[{"href":"https:\/\/www.perla.al\/al\/wp-json\/wp\/v2\/media?parent=32744"}],"curies":[{"name":"wp","href":"https:\/\/api.w.org\/{rel}","templated":true}]}}

<p>Apartament 2+1 per shitje tek Kurora e Kopeshtit Botanik tek hyrja e Rezidences Kodra e Diellit!</p>
<p>Cilesia e ndertimit do te jete e nje standarti te larte , duke nisur nga fasada e ventiluar qeramike. Ballkone xhami, Dritare plastike dhe termike. Ndarjet e brenshme me gips dhe lesh guri. Eco parking per parkimin e makinave.<br />
Planimetri drejtkendore dhe organizim i rregullt ne apartament. Nje sallon dhe kuzhine, dy dhoma gjumi,dy tualete nga te cilat njeri me dritare, nje ballkon<br />
Gati per banim</p>
<p>Për një vizitë në pronë ose më shumë informacion, mos hezitoni të na kontaktoni!</p>
<p>Remax Perla Real Estate kompania numër një në shqiperi për Pasuritë e Paluajtshme!<br />
Ne i japim vlerë pronës tuaj!</p>
