{"id":32797,"date":"2025-07-09T15:28:45","date_gmt":"2025-07-09T13:28:45","guid":{"rendered":"https:\/\/www.perla.al\/?post_type=estate&#038;p=32797"},"modified":"2025-07-09T15:28:45","modified_gmt":"2025-07-09T13:28:45","slug":"jepet-apartament-me-qira-te-rruga-saraceve-tirane","status":"publish","type":"estate","link":"https:\/\/www.perla.al\/al\/properties\/apartment\/tirane\/selvia\/jepet-apartament-me-qira-te-rruga-saraceve-tirane\/","title":{"rendered":"JEPET APARTAMENT ME QIRA TE RRUGA SARA\u00c7\u00cbVE TIRANE !"},"content":{"rendered":"<p>Jepet me qira apartamenti 1+1 te Observator<br \/>\n\ud83d\udccdSelvia<br \/>\n\u2705 Rruga e Sara\u00e7eve<br \/>\n\u2705 Nd\u00ebrtim i vitit 2023<br \/>\n\u2705 Kati 2 banim<br \/>\n\u2705 Me Ashensor<br \/>\n\ud83c\udd7f\ufe0f Post parkimi i perfshir\u00eb n\u00eb \u00e7mim<\/p>\n<p>P\u00ebr nj\u00eb vizit\u00eb n\u00eb pron\u00eb ose m\u00eb shum\u00eb informacion, mos hezitoni t\u00eb na kontaktoni!<\/p>\n<p>Remax Perla Real Estate kompania num\u00ebr nj\u00eb n\u00eb shqiperi p\u00ebr Pasurit\u00eb e Paluajtshme!<br \/>\nNe i japim vler\u00eb pron\u00ebs tuaj!<\/p>\n","protected":false},"author":174,"featured_media":32796,"template":"","class_list":["post-32797","estate","type-estate","status-publish","has-post-thumbnail","hentry","property-type-apartment","offer-type-for-rent","neighborhood-selvia","city-tirane","street-rruga-saraceve","klient-https-www-remax-albania-com-sq-al-listime-apartament-per-qira-rruga-e-saraceve-530261047-151"],"translation":{"provider":"WPGlobus","version":"2.12.2","language":"al","enabled_languages":["en","al"],"languages":{"en":{"title":true,"content":true,"excerpt":false},"al":{"title":false,"content":false,"excerpt":false}}},"_links":{"self":[{"href":"https:\/\/www.perla.al\/al\/wp-json\/wp\/v2\/estate\/32797"}],"collection":[{"href":"https:\/\/www.perla.al\/al\/wp-json\/wp\/v2\/estate"}],"about":[{"href":"https:\/\/www.perla.al\/al\/wp-json\/wp\/v2\/types\/estate"}],"author":[{"embeddable":true,"href":"https:\/\/www.perla.al\/al\/wp-json\/wp\/v2\/users\/174"}],"wp:featuredmedia":[{"embeddable":true,"href":"https:\/\/www.perla.al\/al\/wp-json\/wp\/v2\/media\/32796"}],"wp:attachment":[{"href":"https:\/\/www.perla.al\/al\/wp-json\/wp\/v2\/media?parent=32797"}],"curies":[{"name":"wp","href":"https:\/\/api.w.org\/{rel}","templated":true}]}}

JEPET APARTAMENT ME QIRA TE RRUGA SARAÇËVE TIRANE !

<p>Jepet me qira apartamenti 1+1 te Observator<br />
📍Selvia<br />
✅ Rruga e Saraçeve<br />
✅ Ndërtim i vitit 2023<br />
✅ Kati 2 banim<br />
✅ Me Ashensor<br />
🅿️ Post parkimi i perfshirë në çmim</p>
<p>Për një vizitë në pronë ose më shumë informacion, mos hezitoni të na kontaktoni!</p>
<p>Remax Perla Real Estate kompania numër një në shqiperi për Pasuritë e Paluajtshme!<br />
Ne i japim vlerë pronës tuaj!</p>
