{"id":32811,"date":"2025-07-09T15:28:58","date_gmt":"2025-07-09T13:28:58","guid":{"rendered":"https:\/\/www.perla.al\/?post_type=estate&#038;p=32811"},"modified":"2025-07-09T15:28:58","modified_gmt":"2025-07-09T13:28:58","slug":"jepet-dyqan-per-qira-te-rruga-sami-frasheri-tirane","status":"publish","type":"estate","link":"https:\/\/www.perla.al\/al\/properties\/office\/tirane\/blloku\/jepet-dyqan-per-qira-te-rruga-sami-frasheri-tirane\/","title":{"rendered":"JEPET DYQAN P\u00cbR QIRA TE RRUGA SAMI FRASH\u00cbRI TIRAN\u00cb"},"content":{"rendered":"<p>Ambjenti ndodhet ne rrugen Sami Frasheri.<\/p>\n<p>Ndodhet ne katin 0.<br \/>\nSiperfaqja ambjentit eshte 74.2m2.<\/p>\n<p>P\u00ebr nj\u00eb vizit\u00eb n\u00eb pron\u00eb ose m\u00eb shum\u00eb informacion, mos hezitoni t\u00eb na kontaktoni!<\/p>\n<p>Remax Perla Real Estate kompania num\u00ebr nj\u00eb n\u00eb shqiperi p\u00ebr Pasurit\u00eb e Paluajtshme!<br \/>\nNe i japim vler\u00eb pron\u00ebs tua<\/p>\n","protected":false},"author":174,"featured_media":32810,"template":"","class_list":["post-32811","estate","type-estate","status-publish","has-post-thumbnail","hentry","property-type-office","offer-type-for-rent","neighborhood-blloku","city-tirane","street-rruga-sami-frasheri","klient-https-www-remax-albania-com-sq-al-listime-dyqan-per-qira-rruga-sami-frasheri-530221059-318"],"translation":{"provider":"WPGlobus","version":"2.12.2","language":"al","enabled_languages":["en","al"],"languages":{"en":{"title":true,"content":true,"excerpt":false},"al":{"title":false,"content":false,"excerpt":false}}},"_links":{"self":[{"href":"https:\/\/www.perla.al\/al\/wp-json\/wp\/v2\/estate\/32811"}],"collection":[{"href":"https:\/\/www.perla.al\/al\/wp-json\/wp\/v2\/estate"}],"about":[{"href":"https:\/\/www.perla.al\/al\/wp-json\/wp\/v2\/types\/estate"}],"author":[{"embeddable":true,"href":"https:\/\/www.perla.al\/al\/wp-json\/wp\/v2\/users\/174"}],"wp:featuredmedia":[{"embeddable":true,"href":"https:\/\/www.perla.al\/al\/wp-json\/wp\/v2\/media\/32810"}],"wp:attachment":[{"href":"https:\/\/www.perla.al\/al\/wp-json\/wp\/v2\/media?parent=32811"}],"curies":[{"name":"wp","href":"https:\/\/api.w.org\/{rel}","templated":true}]}}

JEPET DYQAN PËR QIRA TE RRUGA SAMI FRASHËRI TIRANË

<p>Ambjenti ndodhet ne rrugen Sami Frasheri.</p>
<p>Ndodhet ne katin 0.<br />
Siperfaqja ambjentit eshte 74.2m2.</p>
<p>Për një vizitë në pronë ose më shumë informacion, mos hezitoni të na kontaktoni!</p>
<p>Remax Perla Real Estate kompania numër një në shqiperi për Pasuritë e Paluajtshme!<br />
Ne i japim vlerë pronës tua</p>
