{"id":32911,"date":"2025-07-14T16:30:20","date_gmt":"2025-07-14T14:30:20","guid":{"rendered":"https:\/\/www.perla.al\/?post_type=estate&#038;p=32911"},"modified":"2025-07-14T16:30:20","modified_gmt":"2025-07-14T14:30:20","slug":"vile-per-qira-te-colombo-2-teg-tirane","status":"publish","type":"estate","link":"https:\/\/www.perla.al\/al\/properties\/villa\/tirane\/colombo-2\/vile-per-qira-te-colombo-2-teg-tirane\/","title":{"rendered":"VIL\u00cb P\u00cbR QIRA TE COLOMBO 2 TEG  TIRAN\u00cb"},"content":{"rendered":"<p>\ud83d\udccd Vil\u00eb Kompleksi Kolombo Teg<br \/>\nJepet me qira super e mobiluar<br \/>\n3 Kate Vile<br \/>\n\u2705 Sallon i madh +gatim<br \/>\n\u2705 3 Dhoma gjumi<br \/>\n\u2705 Garderobe<br \/>\n\u2705 3 Tualete<br \/>\n\u2705 Jakuzzi<br \/>\n\u2705 2 Poste Parkimi<\/p>\n<p>P\u00ebr nj\u00eb vizit\u00eb n\u00eb pron\u00eb ose m\u00eb shum\u00eb informacion, mos hezitoni t\u00eb na kontaktoni!<\/p>\n<p>Remax Perla Real Estate kompania num\u00ebr nj\u00eb n\u00eb shqiperi p\u00ebr Pasurit\u00eb e Paluajtshme!<br \/>\nNe i japim vler\u00eb pron\u00ebs tuaj<\/p>\n","protected":false},"author":174,"featured_media":32910,"template":"","class_list":["post-32911","estate","type-estate","status-publish","has-post-thumbnail","hentry","property-type-villa","offer-type-for-rent","neighborhood-colombo-2","city-tirane","street-colombo-2","klient-https-www-remax-albania-com-sq-al-listime-vile-per-qira-colombo-2-530261047-127"],"translation":{"provider":"WPGlobus","version":"2.12.2","language":"al","enabled_languages":["en","al"],"languages":{"en":{"title":true,"content":true,"excerpt":false},"al":{"title":false,"content":false,"excerpt":false}}},"_links":{"self":[{"href":"https:\/\/www.perla.al\/al\/wp-json\/wp\/v2\/estate\/32911"}],"collection":[{"href":"https:\/\/www.perla.al\/al\/wp-json\/wp\/v2\/estate"}],"about":[{"href":"https:\/\/www.perla.al\/al\/wp-json\/wp\/v2\/types\/estate"}],"author":[{"embeddable":true,"href":"https:\/\/www.perla.al\/al\/wp-json\/wp\/v2\/users\/174"}],"wp:featuredmedia":[{"embeddable":true,"href":"https:\/\/www.perla.al\/al\/wp-json\/wp\/v2\/media\/32910"}],"wp:attachment":[{"href":"https:\/\/www.perla.al\/al\/wp-json\/wp\/v2\/media?parent=32911"}],"curies":[{"name":"wp","href":"https:\/\/api.w.org\/{rel}","templated":true}]}}

VILË PËR QIRA TE COLOMBO 2 TEG  TIRANË

<p>📍 Vilë Kompleksi Kolombo Teg<br />
Jepet me qira super e mobiluar<br />
3 Kate Vile<br />
✅ Sallon i madh +gatim<br />
✅ 3 Dhoma gjumi<br />
✅ Garderobe<br />
✅ 3 Tualete<br />
✅ Jakuzzi<br />
✅ 2 Poste Parkimi</p>
<p>Për një vizitë në pronë ose më shumë informacion, mos hezitoni të na kontaktoni!</p>
<p>Remax Perla Real Estate kompania numër një në shqiperi për Pasuritë e Paluajtshme!<br />
Ne i japim vlerë pronës tuaj</p>
