{"id":32988,"date":"2025-07-16T16:18:42","date_gmt":"2025-07-16T14:18:42","guid":{"rendered":"https:\/\/www.perla.al\/?post_type=estate&#038;p=32988"},"modified":"2025-07-16T16:18:42","modified_gmt":"2025-07-16T14:18:42","slug":"jepet-duplex-per-qira-te-qendra-kristal-center","status":"publish","type":"estate","link":"https:\/\/www.perla.al\/al\/properties\/duplex\/tirane\/komuna-e-parisit\/jepet-duplex-per-qira-te-qendra-kristal-center\/","title":{"rendered":"JEPET DUPLEX PER QIRA TE  QENDRA KRISTAL CENTER"},"content":{"rendered":"<p>Jepet me qira super duplex ne Kristal Center<br \/>\nApartamenti organizohet ne sallon te madh, 2 dhoma gjumi , 2 tualete dhe ballkone.<br \/>\nNdodhe ne nje pallat i mireadministruar dhe ofrohet me kushtet me te mira bashkohore.<\/p>\n<p>P\u00ebr nj\u00eb vizit\u00eb n\u00eb pron\u00eb ose m\u00eb shum\u00eb informacion, mos hezitoni t\u00eb na kontaktoni!<\/p>\n<p>Remax Perla Real Estate kompania num\u00ebr nj\u00eb n\u00eb shqiperi p\u00ebr Pasurit\u00eb e Paluajtshme!<br \/>\nNe i japim vler\u00eb pron\u00ebs tuaj!<\/p>\n","protected":false},"author":174,"featured_media":32987,"template":"","class_list":["post-32988","estate","type-estate","status-publish","has-post-thumbnail","hentry","property-type-duplex","offer-type-for-rent","neighborhood-komuna-e-parisit","city-tirane","street-komuna-e-parisit","klient-https-www-remax-albania-com-sq-al-listime-dupleks-per-qira-qendra-kristal-530291043-54"],"translation":{"provider":"WPGlobus","version":"2.12.2","language":"al","enabled_languages":["en","al"],"languages":{"en":{"title":true,"content":true,"excerpt":false},"al":{"title":false,"content":false,"excerpt":false}}},"_links":{"self":[{"href":"https:\/\/www.perla.al\/al\/wp-json\/wp\/v2\/estate\/32988"}],"collection":[{"href":"https:\/\/www.perla.al\/al\/wp-json\/wp\/v2\/estate"}],"about":[{"href":"https:\/\/www.perla.al\/al\/wp-json\/wp\/v2\/types\/estate"}],"author":[{"embeddable":true,"href":"https:\/\/www.perla.al\/al\/wp-json\/wp\/v2\/users\/174"}],"wp:featuredmedia":[{"embeddable":true,"href":"https:\/\/www.perla.al\/al\/wp-json\/wp\/v2\/media\/32987"}],"wp:attachment":[{"href":"https:\/\/www.perla.al\/al\/wp-json\/wp\/v2\/media?parent=32988"}],"curies":[{"name":"wp","href":"https:\/\/api.w.org\/{rel}","templated":true}]}}

<p>Jepet me qira super duplex ne Kristal Center<br />
Apartamenti organizohet ne sallon te madh, 2 dhoma gjumi , 2 tualete dhe ballkone.<br />
Ndodhe ne nje pallat i mireadministruar dhe ofrohet me kushtet me te mira bashkohore.</p>
<p>Për një vizitë në pronë ose më shumë informacion, mos hezitoni të na kontaktoni!</p>
<p>Remax Perla Real Estate kompania numër një në shqiperi për Pasuritë e Paluajtshme!<br />
Ne i japim vlerë pronës tuaj!</p>
