{"id":32996,"date":"2025-07-16T16:18:13","date_gmt":"2025-07-16T14:18:13","guid":{"rendered":"https:\/\/www.perla.al\/?post_type=estate&#038;p=32996"},"modified":"2025-07-16T16:18:13","modified_gmt":"2025-07-16T14:18:13","slug":"shitet-apartament-te-komuna-e-parisit-tirane-2","status":"publish","type":"estate","link":"https:\/\/www.perla.al\/al\/properties\/apartment\/albania\/komuna-e-parisit\/shitet-apartament-te-komuna-e-parisit-tirane-2\/","title":{"rendered":"SHITET  APARTAMENT TE KOMUNA E PARISIT TIRAN\u00cb"},"content":{"rendered":"<p>Apartament 2+1+2 ne shitje tek Komuna e Parisit.<\/p>\n<p>Objekt i vitit 2025, i sapo perfunduar.<br \/>\nOrjentim Jug-Lindje-Veri, fasade e ventiluar.<br \/>\nSiperfaqe totale 97 m2 .<\/p>\n<p>P\u00ebr nj\u00eb vizit\u00eb n\u00eb pron\u00eb ose m\u00eb shum\u00eb informacion, mos hezitoni t\u00eb na kontaktoni!<\/p>\n<p>Remax Perla Real Estate kompania num\u00ebr nj\u00eb n\u00eb shqiperi p\u00ebr Pasurit\u00eb e Paluajtshme!<br \/>\nNe i japim vler\u00eb pron\u00ebs tuaj!<\/p>\n","protected":false},"author":174,"featured_media":32995,"template":"","class_list":["post-32996","estate","type-estate","status-publish","has-post-thumbnail","hentry","property-type-apartment","offer-type-for-sale","neighborhood-komuna-e-parisit","city-albania","street-komuna-e-parisit","klient-https-www-remax-albania-com-sq-al-listime-apartament-per-shitje-komuna-e-parisit-530261070-131"],"translation":{"provider":"WPGlobus","version":"2.12.2","language":"al","enabled_languages":["en","al"],"languages":{"en":{"title":true,"content":true,"excerpt":false},"al":{"title":false,"content":false,"excerpt":false}}},"_links":{"self":[{"href":"https:\/\/www.perla.al\/al\/wp-json\/wp\/v2\/estate\/32996"}],"collection":[{"href":"https:\/\/www.perla.al\/al\/wp-json\/wp\/v2\/estate"}],"about":[{"href":"https:\/\/www.perla.al\/al\/wp-json\/wp\/v2\/types\/estate"}],"author":[{"embeddable":true,"href":"https:\/\/www.perla.al\/al\/wp-json\/wp\/v2\/users\/174"}],"wp:featuredmedia":[{"embeddable":true,"href":"https:\/\/www.perla.al\/al\/wp-json\/wp\/v2\/media\/32995"}],"wp:attachment":[{"href":"https:\/\/www.perla.al\/al\/wp-json\/wp\/v2\/media?parent=32996"}],"curies":[{"name":"wp","href":"https:\/\/api.w.org\/{rel}","templated":true}]}}

SHITET  APARTAMENT TE KOMUNA E PARISIT TIRANË

<p>Apartament 2+1+2 ne shitje tek Komuna e Parisit.</p>
<p>Objekt i vitit 2025, i sapo perfunduar.<br />
Orjentim Jug-Lindje-Veri, fasade e ventiluar.<br />
Siperfaqe totale 97 m2 .</p>
<p>Për një vizitë në pronë ose më shumë informacion, mos hezitoni të na kontaktoni!</p>
<p>Remax Perla Real Estate kompania numër një në shqiperi për Pasuritë e Paluajtshme!<br />
Ne i japim vlerë pronës tuaj!</p>
