{"id":33077,"date":"2025-07-16T16:23:11","date_gmt":"2025-07-16T14:23:11","guid":{"rendered":"https:\/\/www.perla.al\/?post_type=estate&#038;p=33077"},"modified":"2025-07-16T16:23:11","modified_gmt":"2025-07-16T14:23:11","slug":"jepet-apartament-per-qira-te-ish-ekzpozita-myslym-shyri-tirane","status":"publish","type":"estate","link":"https:\/\/www.perla.al\/al\/properties\/apartment\/tirane\/myslym-shyri\/jepet-apartament-per-qira-te-ish-ekzpozita-myslym-shyri-tirane\/","title":{"rendered":"JEPET APARTAMENT P\u00cbR QIRA TE ISH EKZPOZITA  MYSLYM  SHYRI TIRAN\u00cb"},"content":{"rendered":"<p>Jepet Apartament 3+1 me qira plus post parkimi tek ish ekspozita.<br \/>\nOrganizohet me 1 sallon, kuzhine e vecuar, 3 dhoma gjumi, 2 tualete dhe 2 ballkone.<br \/>\nApartamenti ndodhet ne katin e 3-te te nje ndertimi te ri me ashensor dhe i mireadministruar.<br \/>\nNe cmim perfshihet edhe nje post parkimi ne katin -1<br \/>\nApartamenti eshte i mobiluar stil klasik dhe ndodhet ne nje nga zonat me te kerkuara, duke ju ofruar te gjitha mundesit dhe fasilitetet per nje jetes sa me komode.<\/p>\n<p>Ne cmim nuk perfshihet 15% i tatimit.<\/p>\n<p>P\u00ebr nj\u00eb vizit\u00eb n\u00eb pron\u00eb ose m\u00eb shum\u00eb informacion, mos hezitoni t\u00eb na kontaktoni!<\/p>\n<p>Remax Perla Real Estate kompania num\u00ebr nj\u00eb n\u00eb shqiperi p\u00ebr Pasurit\u00eb e Paluajtshme!<br \/>\nNe i japim vler\u00eb pron\u00ebs tuaj!<\/p>\n","protected":false},"author":174,"featured_media":33076,"template":"","class_list":["post-33077","estate","type-estate","status-publish","has-post-thumbnail","hentry","property-type-apartment","offer-type-for-sale","neighborhood-myslym-shyri","city-tirane","street-ish-ekzpozita","klient-https-www-remax-albania-com-sq-al-listime-apartament-per-qira-ishekspozita-530171024-550"],"translation":{"provider":"WPGlobus","version":"2.12.2","language":"al","enabled_languages":["en","al"],"languages":{"en":{"title":true,"content":true,"excerpt":false},"al":{"title":false,"content":false,"excerpt":false}}},"_links":{"self":[{"href":"https:\/\/www.perla.al\/al\/wp-json\/wp\/v2\/estate\/33077"}],"collection":[{"href":"https:\/\/www.perla.al\/al\/wp-json\/wp\/v2\/estate"}],"about":[{"href":"https:\/\/www.perla.al\/al\/wp-json\/wp\/v2\/types\/estate"}],"author":[{"embeddable":true,"href":"https:\/\/www.perla.al\/al\/wp-json\/wp\/v2\/users\/174"}],"wp:featuredmedia":[{"embeddable":true,"href":"https:\/\/www.perla.al\/al\/wp-json\/wp\/v2\/media\/33076"}],"wp:attachment":[{"href":"https:\/\/www.perla.al\/al\/wp-json\/wp\/v2\/media?parent=33077"}],"curies":[{"name":"wp","href":"https:\/\/api.w.org\/{rel}","templated":true}]}}

JEPET APARTAMENT PËR QIRA TE ISH EKZPOZITA  MYSLYM  SHYRI TIRANË

<p>Jepet Apartament 3+1 me qira plus post parkimi tek ish ekspozita.<br />
Organizohet me 1 sallon, kuzhine e vecuar, 3 dhoma gjumi, 2 tualete dhe 2 ballkone.<br />
Apartamenti ndodhet ne katin e 3-te te nje ndertimi te ri me ashensor dhe i mireadministruar.<br />
Ne cmim perfshihet edhe nje post parkimi ne katin -1<br />
Apartamenti eshte i mobiluar stil klasik dhe ndodhet ne nje nga zonat me te kerkuara, duke ju ofruar te gjitha mundesit dhe fasilitetet per nje jetes sa me komode.</p>
<p>Ne cmim nuk perfshihet 15% i tatimit.</p>
<p>Për një vizitë në pronë ose më shumë informacion, mos hezitoni të na kontaktoni!</p>
<p>Remax Perla Real Estate kompania numër një në shqiperi për Pasuritë e Paluajtshme!<br />
Ne i japim vlerë pronës tuaj!</p>
