{"id":33104,"date":"2025-07-16T16:24:59","date_gmt":"2025-07-16T14:24:59","guid":{"rendered":"https:\/\/www.perla.al\/?post_type=estate&#038;p=33104"},"modified":"2025-07-16T16:24:59","modified_gmt":"2025-07-16T14:24:59","slug":"apartament-modern-212-te-liqeni-i-thate","status":"publish","type":"estate","link":"https:\/\/www.perla.al\/al\/properties\/apartment\/albania\/liqeni-i-thate\/apartament-modern-212-te-liqeni-i-thate\/","title":{"rendered":"Apartament modern 2+1+2 te Liqeni i Thate."},"content":{"rendered":"<p>Ofrojme per qira apartament 2+1+2 ne zon\u00ebn rezidenciale t\u00eb Liqenit te That\u00eb,<\/p>\n<p>Prona ka nj\u00eb sip\u00ebrfaqe prej 101 m2 dhe ofron nj\u00eb kombinim perfekt t\u00eb rehatis\u00eb dhe stilit p\u00ebr ata q\u00eb k\u00ebrkojn\u00eb luks dhe komoditet.<\/p>\n<p>Apartamenti karakterizohet nga nj\u00eb dizajn bashk\u00ebkohor me rifinitura t\u00eb cil\u00ebsis\u00eb s\u00eb lart\u00eb.<\/p>\n<p>Organizimi i brendshem i hapesirave eshte optimal: Korridor shperndares, sallon i bollshem dhe ambjent gatimi disi i vecuar, 2 dhoma gjumi, 2 tualete dhe 1 ballkon.<\/p>\n<p>Ky apartament \u00ebsht\u00eb ideal p\u00ebr ata q\u00eb k\u00ebrkojne nj\u00eb jetese t\u00eb qet\u00eb por t\u00eb lidhur mir\u00eb me qytetin.<\/p>\n<p>P\u00ebr nj\u00eb vizit\u00eb n\u00eb pron\u00eb ose m\u00eb shum\u00eb informacion, mos hezitoni t\u00eb na kontaktoni!<\/p>\n<p>Remax Perla Real Estate kompania num\u00ebr nj\u00eb n\u00eb shqiperi p\u00ebr Pasurit\u00eb e Paluajtshme!<br \/>\nNe i japim vler\u00eb pron\u00ebs tuaj!<\/p>\n","protected":false},"author":15,"featured_media":33100,"template":"","class_list":["post-33104","estate","type-estate","status-publish","has-post-thumbnail","hentry","property-type-apartment","offer-type-for-rent","neighborhood-liqeni-i-thate","city-albania","street-liqeni-i-thate-albania","klient-https-www-remax-albania-com-sq-al-listime-apartament-per-qira-liqeni-i-thate-530391026-8"],"translation":{"provider":"WPGlobus","version":"2.12.2","language":"al","enabled_languages":["en","al"],"languages":{"en":{"title":true,"content":true,"excerpt":false},"al":{"title":false,"content":false,"excerpt":false}}},"_links":{"self":[{"href":"https:\/\/www.perla.al\/al\/wp-json\/wp\/v2\/estate\/33104"}],"collection":[{"href":"https:\/\/www.perla.al\/al\/wp-json\/wp\/v2\/estate"}],"about":[{"href":"https:\/\/www.perla.al\/al\/wp-json\/wp\/v2\/types\/estate"}],"author":[{"embeddable":true,"href":"https:\/\/www.perla.al\/al\/wp-json\/wp\/v2\/users\/15"}],"wp:featuredmedia":[{"embeddable":true,"href":"https:\/\/www.perla.al\/al\/wp-json\/wp\/v2\/media\/33100"}],"wp:attachment":[{"href":"https:\/\/www.perla.al\/al\/wp-json\/wp\/v2\/media?parent=33104"}],"curies":[{"name":"wp","href":"https:\/\/api.w.org\/{rel}","templated":true}]}}

<p>Ofrojme per qira apartament 2+1+2 ne zonën rezidenciale të Liqenit te Thatë,</p>
<p>Prona ka një sipërfaqe prej 101 m2 dhe ofron një kombinim perfekt të rehatisë dhe stilit për ata që kërkojnë luks dhe komoditet.</p>
<p>Apartamenti karakterizohet nga një dizajn bashkëkohor me rifinitura të cilësisë së lartë.</p>
<p>Organizimi i brendshem i hapesirave eshte optimal: Korridor shperndares, sallon i bollshem dhe ambjent gatimi disi i vecuar, 2 dhoma gjumi, 2 tualete dhe 1 ballkon.</p>
<p>Ky apartament është ideal për ata që kërkojne një jetese të qetë por të lidhur mirë me qytetin.</p>
<p>Për një vizitë në pronë ose më shumë informacion, mos hezitoni të na kontaktoni!</p>
<p>Remax Perla Real Estate kompania numër një në shqiperi për Pasuritë e Paluajtshme!<br />
Ne i japim vlerë pronës tuaj!</p>
