{"id":33134,"date":"2025-07-17T13:21:15","date_gmt":"2025-07-17T11:21:15","guid":{"rendered":"https:\/\/www.perla.al\/?post_type=estate&#038;p=33134"},"modified":"2025-07-17T13:21:15","modified_gmt":"2025-07-17T11:21:15","slug":"jepet-apartament-per-qira-te-grand-park-rezidence","status":"publish","type":"estate","link":"https:\/\/www.perla.al\/al\/properties\/apartment\/tirane\/grand-park-tirana\/jepet-apartament-per-qira-te-grand-park-rezidence\/","title":{"rendered":"JEPET APARTAMENT P\u00cbR QIRA TE GRAND PARK REZIDENC\u00cb"},"content":{"rendered":"<p>Ne nje ndertim rezidencial te ri, te Fusha e Aviacionit, jepet me qira apartament 1+1.<\/p>\n<p>Organizohet ne ambient ndenje dhe gatimi, dhome gjumi, tualet dhe ballkon. Orientimi perendim dhe pamje te lire. Jepet e mobiluar sic eshte ne foto.<\/p>\n<p>P\u00ebr nj\u00eb vizit\u00eb n\u00eb pron\u00eb ose m\u00eb shum\u00eb informacion, mos hezitoni t\u00eb na kontaktoni!<\/p>\n<p>Remax Perla Real Estate kompania num\u00ebr nj\u00eb n\u00eb shqiperi p\u00ebr Pasurit\u00eb e Paluajtshme!<br \/>\nNe i japim vler\u00eb pron\u00ebs tuaj!<\/p>\n","protected":false},"author":174,"featured_media":33130,"template":"","class_list":["post-33134","estate","type-estate","status-publish","has-post-thumbnail","hentry","property-type-apartment","offer-type-for-rent","neighborhood-grand-park-tirana","city-tirane","street-ish-fusha-aviacionit","klient-https-www-remax-albania-com-en-listings-condo-apartment-for-rent-lease-grand-park-rezidence-530191066-29langsq-al"],"translation":{"provider":"WPGlobus","version":"2.12.2","language":"al","enabled_languages":["en","al"],"languages":{"en":{"title":true,"content":true,"excerpt":false},"al":{"title":false,"content":false,"excerpt":false}}},"_links":{"self":[{"href":"https:\/\/www.perla.al\/al\/wp-json\/wp\/v2\/estate\/33134"}],"collection":[{"href":"https:\/\/www.perla.al\/al\/wp-json\/wp\/v2\/estate"}],"about":[{"href":"https:\/\/www.perla.al\/al\/wp-json\/wp\/v2\/types\/estate"}],"author":[{"embeddable":true,"href":"https:\/\/www.perla.al\/al\/wp-json\/wp\/v2\/users\/174"}],"wp:featuredmedia":[{"embeddable":true,"href":"https:\/\/www.perla.al\/al\/wp-json\/wp\/v2\/media\/33130"}],"wp:attachment":[{"href":"https:\/\/www.perla.al\/al\/wp-json\/wp\/v2\/media?parent=33134"}],"curies":[{"name":"wp","href":"https:\/\/api.w.org\/{rel}","templated":true}]}}

JEPET APARTAMENT PËR QIRA TE GRAND PARK REZIDENCË

<p>Ne nje ndertim rezidencial te ri, te Fusha e Aviacionit, jepet me qira apartament 1+1.</p>
<p>Organizohet ne ambient ndenje dhe gatimi, dhome gjumi, tualet dhe ballkon. Orientimi perendim dhe pamje te lire. Jepet e mobiluar sic eshte ne foto.</p>
<p>Për një vizitë në pronë ose më shumë informacion, mos hezitoni të na kontaktoni!</p>
<p>Remax Perla Real Estate kompania numër një në shqiperi për Pasuritë e Paluajtshme!<br />
Ne i japim vlerë pronës tuaj!</p>
