{"id":33144,"date":"2025-07-20T21:20:55","date_gmt":"2025-07-20T19:20:55","guid":{"rendered":"https:\/\/www.perla.al\/?post_type=estate&#038;p=33144"},"modified":"2025-07-20T21:20:55","modified_gmt":"2025-07-20T19:20:55","slug":"jepet-zyre-per-qira-te-liceu-artistik-te-rruga-elbasanit","status":"publish","type":"estate","link":"https:\/\/www.perla.al\/al\/properties\/office\/albania\/liceu-artistik\/jepet-zyre-per-qira-te-liceu-artistik-te-rruga-elbasanit\/","title":{"rendered":"JEPET ZYRE P\u00cbR QIRA TE LICEU ARTISTIK TE RRUGA  ELBASANIT"},"content":{"rendered":"<p>Zyre me qira te Liceu Artistik Rr.Elbasanit! bAmbienti ndodhet ne nje pallat buze rruge kryesore me akes te lehte edhe vizibilitet te larte. Ambienti ndodhet ne katin e 5, ka nje siperfaqe totale prej<br \/>\n165 m2, ka nje planimetri shume te rregullt edhe hapsira spacioze. Ambienti organizohet ne 4 ambiente pune, korridorin shperndares, 2 tualete edhe 1 depo. Cdo Ambient ka akses ne ballkon. Ambienti eshte i ri edhe i rinovuar, shtroja me parket, kondicionim i ri , Ideale per zhvillimin e bizneseve te ndryshme. Ka akses te shpejt prane institucioneve, facilitetet te shumta si afersia me bankate edhe organizim perfekt. Ofrohet edhe nje post parkimi ne cmime. Cmimi i ofruar nuk e perfshin tatimin ne burime!<\/p>\n<p>P\u00ebr nj\u00eb vizit\u00eb n\u00eb pron\u00eb ose m\u00eb shum\u00eb informacion, mos hezitoni t\u00eb na kontaktoni!<\/p>\n<p>Remax Perla Real Estate kompania num\u00ebr nj\u00eb n\u00eb shqiperi p\u00ebr Pasurit\u00eb e Paluajtshme!<br \/>\nNe i japim vler\u00eb pron\u00ebs tuaj!<\/p>\n","protected":false},"author":174,"featured_media":33141,"template":"","class_list":["post-33144","estate","type-estate","status-publish","has-post-thumbnail","hentry","property-type-office","offer-type-for-rent","neighborhood-liceu-artistik","city-albania","street-rruga-elbasanit-tirane","klient-https-www-remax-albania-com-en-listings-office-for-rent-lease-liceu-artistik-530181004-882langsq-al"],"translation":{"provider":"WPGlobus","version":"2.12.2","language":"al","enabled_languages":["en","al"],"languages":{"en":{"title":true,"content":true,"excerpt":false},"al":{"title":false,"content":false,"excerpt":false}}},"_links":{"self":[{"href":"https:\/\/www.perla.al\/al\/wp-json\/wp\/v2\/estate\/33144"}],"collection":[{"href":"https:\/\/www.perla.al\/al\/wp-json\/wp\/v2\/estate"}],"about":[{"href":"https:\/\/www.perla.al\/al\/wp-json\/wp\/v2\/types\/estate"}],"author":[{"embeddable":true,"href":"https:\/\/www.perla.al\/al\/wp-json\/wp\/v2\/users\/174"}],"wp:featuredmedia":[{"embeddable":true,"href":"https:\/\/www.perla.al\/al\/wp-json\/wp\/v2\/media\/33141"}],"wp:attachment":[{"href":"https:\/\/www.perla.al\/al\/wp-json\/wp\/v2\/media?parent=33144"}],"curies":[{"name":"wp","href":"https:\/\/api.w.org\/{rel}","templated":true}]}}

JEPET ZYRE PËR QIRA TE LICEU ARTISTIK TE RRUGA  ELBASANIT

<p>Zyre me qira te Liceu Artistik Rr.Elbasanit! bAmbienti ndodhet ne nje pallat buze rruge kryesore me akes te lehte edhe vizibilitet te larte. Ambienti ndodhet ne katin e 5, ka nje siperfaqe totale prej<br />
165 m2, ka nje planimetri shume te rregullt edhe hapsira spacioze. Ambienti organizohet ne 4 ambiente pune, korridorin shperndares, 2 tualete edhe 1 depo. Cdo Ambient ka akses ne ballkon. Ambienti eshte i ri edhe i rinovuar, shtroja me parket, kondicionim i ri , Ideale per zhvillimin e bizneseve te ndryshme. Ka akses te shpejt prane institucioneve, facilitetet te shumta si afersia me bankate edhe organizim perfekt. Ofrohet edhe nje post parkimi ne cmime. Cmimi i ofruar nuk e perfshin tatimin ne burime!</p>
<p>Për një vizitë në pronë ose më shumë informacion, mos hezitoni të na kontaktoni!</p>
<p>Remax Perla Real Estate kompania numër një në shqiperi për Pasuritë e Paluajtshme!<br />
Ne i japim vlerë pronës tuaj!</p>
