{"id":33243,"date":"2025-07-20T21:18:16","date_gmt":"2025-07-20T19:18:16","guid":{"rendered":"https:\/\/www.perla.al\/?post_type=estate&#038;p=33243"},"modified":"2025-07-20T21:18:16","modified_gmt":"2025-07-20T19:18:16","slug":"apartament-per-qira-fiori-di-bosco-don-bosko-tirane","status":"publish","type":"estate","link":"https:\/\/www.perla.al\/al\/properties\/apartment\/albania\/fiori-di-bosco\/apartament-per-qira-fiori-di-bosco-don-bosko-tirane\/","title":{"rendered":"Apartament &#8211; P\u00ebr Qira &#8211; Fiori Di Bosco, Don Bosko, Tiran\u00eb"},"content":{"rendered":"<p>Apartament 2+1 me ballkon n\u00eb zon\u00ebn e k\u00ebrkuar t\u00eb Don Boskos, tek rezidenca Fiori di Bosco. Ndodhet n\u00eb katin e 6-t\u00eb t\u00eb nj\u00eb nd\u00ebrtimi t\u00eb ri, me sip\u00ebrfaqe 105.5 m2 bruto dhe 94 m2 neto. Ofrohet i mobiluar n\u00eb m\u00ebnyr\u00eb bashk\u00ebkohore dhe me t\u00eb gjitha pajisjet e nevojshme p\u00ebr nj\u00eb jetes\u00eb komode. Ka orientim jug-lindje q\u00eb i garanton ndri\u00e7im natyral gjat\u00eb gjith\u00eb dit\u00ebs. Preferohen klient\u00eb t\u00eb huaj ose vendas me profil t\u00eb rregullt.<\/p>\n<p>P\u00ebr nj\u00eb vizit\u00eb n\u00eb pron\u00eb ose m\u00eb shum\u00eb informacion, mos hezitoni t\u00eb na kontaktoni!<\/p>\n<p>Remax Perla Real Estate kompania num\u00ebr nj\u00eb n\u00eb shqiperi p\u00ebr Pasurit\u00eb e Paluajtshme!<br \/>\nNe i japim vler\u00eb pron\u00ebs tuaj!<\/p>\n","protected":false},"author":15,"featured_media":33201,"template":"","class_list":["post-33243","estate","type-estate","status-publish","has-post-thumbnail","hentry","property-type-apartment","offer-type-for-sale","neighborhood-fiori-di-bosco","city-albania","street-don-bosko","klient-https-www-remax-albania-com-sq-al-listime-apartament-per-qira-fiori-di-bosco-530551001-164"],"translation":{"provider":"WPGlobus","version":"2.12.2","language":"al","enabled_languages":["en","al"],"languages":{"en":{"title":true,"content":true,"excerpt":false},"al":{"title":false,"content":false,"excerpt":false}}},"_links":{"self":[{"href":"https:\/\/www.perla.al\/al\/wp-json\/wp\/v2\/estate\/33243"}],"collection":[{"href":"https:\/\/www.perla.al\/al\/wp-json\/wp\/v2\/estate"}],"about":[{"href":"https:\/\/www.perla.al\/al\/wp-json\/wp\/v2\/types\/estate"}],"author":[{"embeddable":true,"href":"https:\/\/www.perla.al\/al\/wp-json\/wp\/v2\/users\/15"}],"wp:featuredmedia":[{"embeddable":true,"href":"https:\/\/www.perla.al\/al\/wp-json\/wp\/v2\/media\/33201"}],"wp:attachment":[{"href":"https:\/\/www.perla.al\/al\/wp-json\/wp\/v2\/media?parent=33243"}],"curies":[{"name":"wp","href":"https:\/\/api.w.org\/{rel}","templated":true}]}}

Apartament &#8211; Për Qira &#8211; Fiori Di Bosco, Don Bosko, Tiranë

<p>Apartament 2+1 me ballkon në zonën e kërkuar të Don Boskos, tek rezidenca Fiori di Bosco. Ndodhet në katin e 6-të të një ndërtimi të ri, me sipërfaqe 105.5 m2 bruto dhe 94 m2 neto. Ofrohet i mobiluar në mënyrë bashkëkohore dhe me të gjitha pajisjet e nevojshme për një jetesë komode. Ka orientim jug-lindje që i garanton ndriçim natyral gjatë gjithë ditës. Preferohen klientë të huaj ose vendas me profil të rregullt.</p>
<p>Për një vizitë në pronë ose më shumë informacion, mos hezitoni të na kontaktoni!</p>
<p>Remax Perla Real Estate kompania numër një në shqiperi për Pasuritë e Paluajtshme!<br />
Ne i japim vlerë pronës tuaj!</p>
