{"id":33312,"date":"2025-07-23T14:10:39","date_gmt":"2025-07-23T12:10:39","guid":{"rendered":"https:\/\/www.perla.al\/?post_type=estate&#038;p=33312"},"modified":"2025-07-23T14:10:39","modified_gmt":"2025-07-23T12:10:39","slug":"apartament-me-qira","status":"publish","type":"estate","link":"https:\/\/www.perla.al\/al\/properties\/apartment\/tirane\/blloku-vasil-shanto\/apartament-me-qira\/","title":{"rendered":"APARTAMENT ME QIRA"},"content":{"rendered":"<p>Jepet me qira apartament 3+1+2 +post parkimi tek Rezidenca&#8221;EURO 3D&#8221;.<br \/>\n Zona ne te cilen ndodhet te ofron facilitetet per nje jetese sa me komode te tilla si shkolla, farmaci, universitete etj.Apartamenti ndodhet ne katin e katert te nje pallati te ri ,dhe ka orientim perendim i cili ben te mundur ndricimin natyral gjate gjithe dites. Apartamenti organizohet nga nje soxhorno e madhe se bashku me kendin e gatimit, 3 dhoma gjumi te cilat kane dalje ne ballkon dhe 2 tualete .<br \/>\nPosti i parkimit perfshihet ne cmim.<\/p>\n<p>P\u00ebr nj\u00eb vizit\u00eb n\u00eb pron\u00eb ose m\u00eb shum\u00eb informacion, mos hezitoni t\u00eb na kontaktoni!<\/p>\n<p>Remax Perla Real Estate kompania num\u00ebr nj\u00eb n\u00eb shqiperi p\u00ebr Pasurit\u00eb e Paluajtshme!<br \/>\nNe i japim vler\u00eb pron\u00ebs tuaj!<\/p>\n","protected":false},"author":175,"featured_media":33305,"template":"","class_list":["post-33312","estate","type-estate","status-publish","has-post-thumbnail","hentry","property-type-apartment","offer-type-for-rent","neighborhood-blloku-vasil-shanto","city-tirane","street-blloku-i-vilave-selite-tirane","features-mobiluar","klient-https-www-remax-albania-com-sq-al-listime-apartament-per-qira-blloku-i-vilave-rezidenca-euro-3d-530361014-356"],"translation":{"provider":"WPGlobus","version":"2.12.2","language":"al","enabled_languages":["en","al"],"languages":{"en":{"title":true,"content":true,"excerpt":false},"al":{"title":false,"content":false,"excerpt":false}}},"_links":{"self":[{"href":"https:\/\/www.perla.al\/al\/wp-json\/wp\/v2\/estate\/33312"}],"collection":[{"href":"https:\/\/www.perla.al\/al\/wp-json\/wp\/v2\/estate"}],"about":[{"href":"https:\/\/www.perla.al\/al\/wp-json\/wp\/v2\/types\/estate"}],"author":[{"embeddable":true,"href":"https:\/\/www.perla.al\/al\/wp-json\/wp\/v2\/users\/175"}],"wp:featuredmedia":[{"embeddable":true,"href":"https:\/\/www.perla.al\/al\/wp-json\/wp\/v2\/media\/33305"}],"wp:attachment":[{"href":"https:\/\/www.perla.al\/al\/wp-json\/wp\/v2\/media?parent=33312"}],"curies":[{"name":"wp","href":"https:\/\/api.w.org\/{rel}","templated":true}]}}

<p>Jepet me qira apartament 3+1+2 +post parkimi tek Rezidenca&#8221;EURO 3D&#8221;.<br />
 Zona ne te cilen ndodhet te ofron facilitetet per nje jetese sa me komode te tilla si shkolla, farmaci, universitete etj.Apartamenti ndodhet ne katin e katert te nje pallati te ri ,dhe ka orientim perendim i cili ben te mundur ndricimin natyral gjate gjithe dites. Apartamenti organizohet nga nje soxhorno e madhe se bashku me kendin e gatimit, 3 dhoma gjumi te cilat kane dalje ne ballkon dhe 2 tualete .<br />
Posti i parkimit perfshihet ne cmim.</p>
<p>Për një vizitë në pronë ose më shumë informacion, mos hezitoni të na kontaktoni!</p>
<p>Remax Perla Real Estate kompania numër një në shqiperi për Pasuritë e Paluajtshme!<br />
Ne i japim vlerë pronës tuaj!</p>
