{"id":33328,"date":"2025-07-28T10:24:23","date_gmt":"2025-07-28T08:24:23","guid":{"rendered":"https:\/\/www.perla.al\/?post_type=estate&#038;p=33328"},"modified":"2025-07-28T10:24:23","modified_gmt":"2025-07-28T08:24:23","slug":"zyre-per-qira-rruga-nikolla-tupe-blloku-tirane","status":"publish","type":"estate","link":"https:\/\/www.perla.al\/al\/properties\/office\/tirane\/rruga-nikolla-tupe\/zyre-per-qira-rruga-nikolla-tupe-blloku-tirane\/","title":{"rendered":"Zyr\u00eb &#8211; P\u00ebr Qira &#8211; Rruga Nikolla Tupe, Blloku, Tiran\u00eb"},"content":{"rendered":"<p>\ud83d\udd39 Jepet zyr\u00eb me qira n\u00eb Bllok<\/p>\n<p>\ud83d\udccd Vendndodhje shum\u00eb e k\u00ebrkuar zemra e Bllokut, Tiran\u00eb<br \/>\n\ud83c\udfe2 Ambient i p\u00ebrshtatsh\u00ebm p\u00ebr zyr\u00eb, klinik\u00eb, studio ligjore apo konsulence<br \/>\n\ud83d\udcd0 Sip\u00ebrfaqe:<br \/>\n\ud83d\udecb\ufe0f E mobiluar \/ e pamobiluar (zgjidhni nj\u00eb opsion)<br \/>\n\ud83d\udcf6 Kondicioner, drit\u00eb natyrale.<br \/>\n\ud83c\udd7f\ufe0f Perfshihet dhe nje post parkimi.<\/p>\n<p>P\u00ebr nj\u00eb vizit\u00eb n\u00eb pron\u00eb ose m\u00eb shum\u00eb informacion, mos hezitoni t\u00eb na kontaktoni!<\/p>\n<p>Remax Perla Real Estate kompania num\u00ebr nj\u00eb n\u00eb shqiperi p\u00ebr Pasurit\u00eb e Paluajtshme!<br \/>\nNe i japim vler\u00eb pron\u00ebs tuaj!<\/p>\n","protected":false},"author":15,"featured_media":33326,"template":"","class_list":["post-33328","estate","type-estate","status-publish","has-post-thumbnail","hentry","property-type-office","offer-type-for-rent","neighborhood-rruga-nikolla-tupe","city-tirane","street-bllok-shqiperi","klient-https-www-remax-albania-com-sq-al-listime-zyre-per-qira-rruga-nikolla-tupe-530261054-80"],"translation":{"provider":"WPGlobus","version":"2.12.2","language":"al","enabled_languages":["en","al"],"languages":{"en":{"title":true,"content":true,"excerpt":false},"al":{"title":false,"content":false,"excerpt":false}}},"_links":{"self":[{"href":"https:\/\/www.perla.al\/al\/wp-json\/wp\/v2\/estate\/33328"}],"collection":[{"href":"https:\/\/www.perla.al\/al\/wp-json\/wp\/v2\/estate"}],"about":[{"href":"https:\/\/www.perla.al\/al\/wp-json\/wp\/v2\/types\/estate"}],"author":[{"embeddable":true,"href":"https:\/\/www.perla.al\/al\/wp-json\/wp\/v2\/users\/15"}],"wp:featuredmedia":[{"embeddable":true,"href":"https:\/\/www.perla.al\/al\/wp-json\/wp\/v2\/media\/33326"}],"wp:attachment":[{"href":"https:\/\/www.perla.al\/al\/wp-json\/wp\/v2\/media?parent=33328"}],"curies":[{"name":"wp","href":"https:\/\/api.w.org\/{rel}","templated":true}]}}

Zyrë &#8211; Për Qira &#8211; Rruga Nikolla Tupe, Blloku, Tiranë

<p>🔹 Jepet zyrë me qira në Bllok</p>
<p>📍 Vendndodhje shumë e kërkuar zemra e Bllokut, Tiranë<br />
🏢 Ambient i përshtatshëm për zyrë, klinikë, studio ligjore apo konsulence<br />
📐 Sipërfaqe:<br />
🛋️ E mobiluar / e pamobiluar (zgjidhni një opsion)<br />
📶 Kondicioner, dritë natyrale.<br />
🅿️ Perfshihet dhe nje post parkimi.</p>
<p>Për një vizitë në pronë ose më shumë informacion, mos hezitoni të na kontaktoni!</p>
<p>Remax Perla Real Estate kompania numër një në shqiperi për Pasuritë e Paluajtshme!<br />
Ne i japim vlerë pronës tuaj!</p>
