{"id":33350,"date":"2025-07-28T13:27:52","date_gmt":"2025-07-28T11:27:52","guid":{"rendered":"https:\/\/www.perla.al\/?post_type=estate&#038;p=33350"},"modified":"2025-07-28T13:27:52","modified_gmt":"2025-07-28T11:27:52","slug":"shitet-apartament-te-myslym-shyri-tirane","status":"publish","type":"estate","link":"https:\/\/www.perla.al\/al\/properties\/apartment\/tirane\/myslym-shyri\/shitet-apartament-te-myslym-shyri-tirane\/","title":{"rendered":"SHITET APARTAMENT TE MYSLYM SHYRI TIRAN\u00cb"},"content":{"rendered":"<p>APARTAMENT 1+1, RRUGA MYSLYM SHYRI.<\/p>\n<p>Te dhenat kryesore:<br \/>\n&#8211; Siperfaqe neto 50 m2<br \/>\n&#8211; Kati 4 (jo i fundit)<br \/>\n&#8211; Tipologjia 1+1<\/p>\n<p>Disponon dokumentacion te rregull hipotekor!<\/p>\n<p>P\u00ebr nj\u00eb vizit\u00eb n\u00eb pron\u00eb ose m\u00eb shum\u00eb informacion, mos hezitoni t\u00eb na kontaktoni!<\/p>\n<p>Remax Perla Real Estate kompania num\u00ebr nj\u00eb n\u00eb shqiperi p\u00ebr Pasurit\u00eb e Paluajtshme!<br \/>\nNe i japim vler\u00eb pron\u00ebs tuaj!<\/p>\n","protected":false},"author":15,"featured_media":33341,"template":"","class_list":["post-33350","estate","type-estate","status-publish","has-post-thumbnail","hentry","property-type-apartment","offer-type-for-sale","neighborhood-myslym-shyri","city-tirane","street-myslym-shyri","features-furnished","klient-https-www-remax-albania-com-en-listings-condo-apartment-for-sale-myslym-shyri-530471001-326langsq-al"],"translation":{"provider":"WPGlobus","version":"2.12.2","language":"al","enabled_languages":["en","al"],"languages":{"en":{"title":true,"content":true,"excerpt":false},"al":{"title":false,"content":false,"excerpt":false}}},"_links":{"self":[{"href":"https:\/\/www.perla.al\/al\/wp-json\/wp\/v2\/estate\/33350"}],"collection":[{"href":"https:\/\/www.perla.al\/al\/wp-json\/wp\/v2\/estate"}],"about":[{"href":"https:\/\/www.perla.al\/al\/wp-json\/wp\/v2\/types\/estate"}],"author":[{"embeddable":true,"href":"https:\/\/www.perla.al\/al\/wp-json\/wp\/v2\/users\/15"}],"wp:featuredmedia":[{"embeddable":true,"href":"https:\/\/www.perla.al\/al\/wp-json\/wp\/v2\/media\/33341"}],"wp:attachment":[{"href":"https:\/\/www.perla.al\/al\/wp-json\/wp\/v2\/media?parent=33350"}],"curies":[{"name":"wp","href":"https:\/\/api.w.org\/{rel}","templated":true}]}}

SHITET APARTAMENT TE MYSLYM SHYRI TIRANË

<p>APARTAMENT 1+1, RRUGA MYSLYM SHYRI.</p>
<p>Te dhenat kryesore:<br />
&#8211; Siperfaqe neto 50 m2<br />
&#8211; Kati 4 (jo i fundit)<br />
&#8211; Tipologjia 1+1</p>
<p>Disponon dokumentacion te rregull hipotekor!</p>
<p>Për një vizitë në pronë ose më shumë informacion, mos hezitoni të na kontaktoni!</p>
<p>Remax Perla Real Estate kompania numër një në shqiperi për Pasuritë e Paluajtshme!<br />
Ne i japim vlerë pronës tuaj!</p>
