{"id":33462,"date":"2025-08-06T13:38:38","date_gmt":"2025-08-06T11:38:38","guid":{"rendered":"https:\/\/www.perla.al\/?post_type=estate&#038;p=33462"},"modified":"2025-08-06T13:38:38","modified_gmt":"2025-08-06T11:38:38","slug":"apartament-me-qira-2","status":"publish","type":"estate","link":"https:\/\/www.perla.al\/al\/properties\/apartment\/tirane\/kristal-center\/apartament-me-qira-2\/","title":{"rendered":"APARTAMENT  ME  QIRA"},"content":{"rendered":"<p>Ky apartament i sapo disponuesh\u00ebm ndodhet n\u00eb zem\u00ebr t\u00eb Komun\u00ebs s\u00eb Parisit, vet\u00ebm pak hapa nga Kristal Center, n\u00eb nj\u00eb zon\u00eb q\u00eb ofron gjith\u00e7ka: qet\u00ebsi, facilitete dhe akses t\u00eb leht\u00eb n\u00eb \u00e7do drejtim t\u00eb qytetit.<br \/>\nDetaje t\u00eb pron\u00ebs:<br \/>\n\u25aa\ufe0f Sip\u00ebrfaqe e bollshme dhe e organizuar me shum\u00eb kujdes<br \/>\n\u25aa\ufe0f Ambient ndenjeje komod dhe plot drit\u00eb natyrale<br \/>\n\u25aa\ufe0f 2 dhoma gjumi t\u00eb ndara<br \/>\n\u25aa\ufe0f 2 banjo moderne<br \/>\n\u25aa\ufe0f Mobilim i ri, funksional dhe me stil bashk\u00ebkohor.<br \/>\nP\u00ebr nj\u00eb vizit\u00eb n\u00eb pron\u00eb ose m\u00eb shum\u00eb informacion, mos hezitoni t\u00eb na kontaktoni!<\/p>\n<p>Remax Perla Real Estate kompania num\u00ebr nj\u00eb n\u00eb shqiperi p\u00ebr Pasurit\u00eb e Paluajtshme!<br \/>\nNe i japim vler\u00eb pron\u00ebs tuaj!<\/p>\n","protected":false},"author":15,"featured_media":33458,"template":"","class_list":["post-33462","estate","type-estate","status-publish","has-post-thumbnail","hentry","property-type-apartment","offer-type-for-rent","neighborhood-kristal-center","city-tirane","street-kristal-center-eleonora-komuna-e-parisit-shqiperi","features-mobiluar","klient-https-www-remax-albania-com-sq-al-listime-apartament-per-qira-qendra-kristal-530481001-756"],"translation":{"provider":"WPGlobus","version":"2.12.2","language":"al","enabled_languages":["en","al"],"languages":{"en":{"title":true,"content":true,"excerpt":false},"al":{"title":false,"content":false,"excerpt":false}}},"_links":{"self":[{"href":"https:\/\/www.perla.al\/al\/wp-json\/wp\/v2\/estate\/33462"}],"collection":[{"href":"https:\/\/www.perla.al\/al\/wp-json\/wp\/v2\/estate"}],"about":[{"href":"https:\/\/www.perla.al\/al\/wp-json\/wp\/v2\/types\/estate"}],"author":[{"embeddable":true,"href":"https:\/\/www.perla.al\/al\/wp-json\/wp\/v2\/users\/15"}],"wp:featuredmedia":[{"embeddable":true,"href":"https:\/\/www.perla.al\/al\/wp-json\/wp\/v2\/media\/33458"}],"wp:attachment":[{"href":"https:\/\/www.perla.al\/al\/wp-json\/wp\/v2\/media?parent=33462"}],"curies":[{"name":"wp","href":"https:\/\/api.w.org\/{rel}","templated":true}]}}

<p>Ky apartament i sapo disponueshëm ndodhet në zemër të Komunës së Parisit, vetëm pak hapa nga Kristal Center, në një zonë që ofron gjithçka: qetësi, facilitete dhe akses të lehtë në çdo drejtim të qytetit.<br />
Detaje të pronës:<br />
▪️ Sipërfaqe e bollshme dhe e organizuar me shumë kujdes<br />
▪️ Ambient ndenjeje komod dhe plot dritë natyrale<br />
▪️ 2 dhoma gjumi të ndara<br />
▪️ 2 banjo moderne<br />
▪️ Mobilim i ri, funksional dhe me stil bashkëkohor.<br />
Për një vizitë në pronë ose më shumë informacion, mos hezitoni të na kontaktoni!</p>
<p>Remax Perla Real Estate kompania numër një në shqiperi për Pasuritë e Paluajtshme!<br />
Ne i japim vlerë pronës tuaj!</p>
