{"id":33499,"date":"2025-08-06T13:58:56","date_gmt":"2025-08-06T11:58:56","guid":{"rendered":"https:\/\/www.perla.al\/?post_type=estate&#038;p=33499"},"modified":"2025-08-06T13:58:56","modified_gmt":"2025-08-06T11:58:56","slug":"jepet-apartament-me-qira-te-residenca-fiori-di-bosco-don-bosco","status":"publish","type":"estate","link":"https:\/\/www.perla.al\/al\/properties\/apartment\/tirane\/don-bosko\/jepet-apartament-me-qira-te-residenca-fiori-di-bosco-don-bosco\/","title":{"rendered":"JEPET APARTAMENT ME QIRA TE RESIDENCA FIORI DI BOSCO  DON BOSCO"},"content":{"rendered":"<p>Jepet me qera apartament luksoz 1+1 ne Don Bosko .<br \/>\nApartamenti ndodhet ne katin e 6 te nje pallati me 2 ashensor e te mireadministruar .<br \/>\nPallati eshte pjese e nje prej komplekseve me te mira te zones .<br \/>\nApartamenti eshte i investuar me detaje dhe i arreduar ne menyre bashkohore ku te gjitha paisjet jane shume cilesore te markave me te mira ne treg .<br \/>\nParket .<br \/>\nvetrata plastike .<br \/>\nIzolim akustik.<br \/>\nGarderobe .<br \/>\nOrientimi lindje .<br \/>\nBallkon<br \/>\nTualet incaso<br \/>\nSistem kondicionimi Multi &#8211; Split<br \/>\nNdricim LED .<\/p>\n<p>Apartamenti eshte i lire ne daten 5 Shtator .<\/p>\n<p>Ne cmim perfshihet edhe tatimi ne burim (kusht kontrata noteriale) .<\/p>\n<p>P\u00ebr nj\u00eb vizit\u00eb n\u00eb pron\u00eb ose m\u00eb shum\u00eb informacion, mos hezitoni t\u00eb na kontaktoni!<\/p>\n<p>Remax Perla Real Estate kompania num\u00ebr nj\u00eb n\u00eb shqiperi p\u00ebr Pasurit\u00eb e Paluajtshme!<br \/>\nNe i japim vler\u00eb pron\u00ebs tuaj!<\/p>\n","protected":false},"author":174,"featured_media":33483,"template":"","class_list":["post-33499","estate","type-estate","status-publish","has-post-thumbnail","hentry","property-type-apartment","offer-type-for-rent","neighborhood-don-bosko","city-tirane","street-don-bosko","klient-https-www-remax-albania-com-sq-al-listime-apartament-per-qira-fiori-di-bosco-530411003-840"],"translation":{"provider":"WPGlobus","version":"2.12.2","language":"al","enabled_languages":["en","al"],"languages":{"en":{"title":true,"content":true,"excerpt":false},"al":{"title":false,"content":false,"excerpt":false}}},"_links":{"self":[{"href":"https:\/\/www.perla.al\/al\/wp-json\/wp\/v2\/estate\/33499"}],"collection":[{"href":"https:\/\/www.perla.al\/al\/wp-json\/wp\/v2\/estate"}],"about":[{"href":"https:\/\/www.perla.al\/al\/wp-json\/wp\/v2\/types\/estate"}],"author":[{"embeddable":true,"href":"https:\/\/www.perla.al\/al\/wp-json\/wp\/v2\/users\/174"}],"wp:featuredmedia":[{"embeddable":true,"href":"https:\/\/www.perla.al\/al\/wp-json\/wp\/v2\/media\/33483"}],"wp:attachment":[{"href":"https:\/\/www.perla.al\/al\/wp-json\/wp\/v2\/media?parent=33499"}],"curies":[{"name":"wp","href":"https:\/\/api.w.org\/{rel}","templated":true}]}}

<p>Jepet me qera apartament luksoz 1+1 ne Don Bosko .<br />
Apartamenti ndodhet ne katin e 6 te nje pallati me 2 ashensor e te mireadministruar .<br />
Pallati eshte pjese e nje prej komplekseve me te mira te zones .<br />
Apartamenti eshte i investuar me detaje dhe i arreduar ne menyre bashkohore ku te gjitha paisjet jane shume cilesore te markave me te mira ne treg .<br />
Parket .<br />
vetrata plastike .<br />
Izolim akustik.<br />
Garderobe .<br />
Orientimi lindje .<br />
Ballkon<br />
Tualet incaso<br />
Sistem kondicionimi Multi &#8211; Split<br />
Ndricim LED .</p>
<p>Apartamenti eshte i lire ne daten 5 Shtator .</p>
<p>Ne cmim perfshihet edhe tatimi ne burim (kusht kontrata noteriale) .</p>
<p>Për një vizitë në pronë ose më shumë informacion, mos hezitoni të na kontaktoni!</p>
<p>Remax Perla Real Estate kompania numër një në shqiperi për Pasuritë e Paluajtshme!<br />
Ne i japim vlerë pronës tuaj!</p>
