{"id":33515,"date":"2025-08-07T10:01:44","date_gmt":"2025-08-07T08:01:44","guid":{"rendered":"https:\/\/www.perla.al\/?post_type=estate&#038;p=33515"},"modified":"2025-08-07T10:01:44","modified_gmt":"2025-08-07T08:01:44","slug":"apartament-per-qira-liqeni-i-tiranes-liqeni-i-tiranes-tirane","status":"publish","type":"estate","link":"https:\/\/www.perla.al\/al\/properties\/apartment\/tirane\/liqeni-i-thate\/apartament-per-qira-liqeni-i-tiranes-liqeni-i-tiranes-tirane\/","title":{"rendered":"Apartament &#8211; P\u00ebr Qira &#8211; Liqeni i Tiran\u00ebs, Liqeni i Tiran\u00ebs, Tiran\u00eb"},"content":{"rendered":"<p>Apartament 1+1 me Qira \u2013 Liqeni i Tiran\u00ebs<\/p>\n<p>Jepet me qira apartament 1+1, i mobiluar dhe n\u00eb gjendje shum\u00eb t\u00eb mir\u00eb, pran\u00eb Liqenit Artificial. Ndodhet n\u00eb nj\u00eb pallat t\u00eb ri me ashensor, n\u00eb nj\u00eb zon\u00eb t\u00eb qet\u00eb dhe t\u00eb preferuar t\u00eb Tiran\u00ebs.<\/p>\n<p>\u2714 Dhom\u00eb gjumi + ambient ndenje me kuzhin\u00eb<br \/>\n\u2714 Mobilim modern, pajisje elektroshtepiake<br \/>\n\u2714 Ndri\u00e7im natyral, ballkon me pamje t\u00eb hapur<br \/>\n\u2714 Af\u00ebr parkut, marketeve dhe transportit urban<\/p>\n<p>P\u00ebr nj\u00eb vizit\u00eb n\u00eb pron\u00eb ose m\u00eb shum\u00eb informacion, mos hezitoni t\u00eb na kontaktoni!<\/p>\n<p>Remax Perla Real Estate kompania num\u00ebr nj\u00eb n\u00eb shqiperi p\u00ebr Pasurit\u00eb e Paluajtshme!<br \/>\nNe i japim vler\u00eb pron\u00ebs tuaj!<\/p>\n","protected":false},"author":15,"featured_media":33509,"template":"","class_list":["post-33515","estate","type-estate","status-publish","has-post-thumbnail","hentry","property-type-apartment","offer-type-for-rent","neighborhood-liqeni-i-thate","city-tirane","street-liqeni-i-thate-albania","klient-https-www-remax-albania-com-sq-al-listime-apartament-per-qira-liqeni-i-tiranes-530481001-757"],"translation":{"provider":"WPGlobus","version":"2.12.2","language":"al","enabled_languages":["en","al"],"languages":{"en":{"title":true,"content":true,"excerpt":false},"al":{"title":false,"content":false,"excerpt":false}}},"_links":{"self":[{"href":"https:\/\/www.perla.al\/al\/wp-json\/wp\/v2\/estate\/33515"}],"collection":[{"href":"https:\/\/www.perla.al\/al\/wp-json\/wp\/v2\/estate"}],"about":[{"href":"https:\/\/www.perla.al\/al\/wp-json\/wp\/v2\/types\/estate"}],"author":[{"embeddable":true,"href":"https:\/\/www.perla.al\/al\/wp-json\/wp\/v2\/users\/15"}],"wp:featuredmedia":[{"embeddable":true,"href":"https:\/\/www.perla.al\/al\/wp-json\/wp\/v2\/media\/33509"}],"wp:attachment":[{"href":"https:\/\/www.perla.al\/al\/wp-json\/wp\/v2\/media?parent=33515"}],"curies":[{"name":"wp","href":"https:\/\/api.w.org\/{rel}","templated":true}]}}

Apartament &#8211; Për Qira &#8211; Liqeni i Tiranës, Liqeni i Tiranës, Tiranë

<p>Apartament 1+1 me Qira – Liqeni i Tiranës</p>
<p>Jepet me qira apartament 1+1, i mobiluar dhe në gjendje shumë të mirë, pranë Liqenit Artificial. Ndodhet në një pallat të ri me ashensor, në një zonë të qetë dhe të preferuar të Tiranës.</p>
<p>✔ Dhomë gjumi + ambient ndenje me kuzhinë<br />
✔ Mobilim modern, pajisje elektroshtepiake<br />
✔ Ndriçim natyral, ballkon me pamje të hapur<br />
✔ Afër parkut, marketeve dhe transportit urban</p>
<p>Për një vizitë në pronë ose më shumë informacion, mos hezitoni të na kontaktoni!</p>
<p>Remax Perla Real Estate kompania numër një në shqiperi për Pasuritë e Paluajtshme!<br />
Ne i japim vlerë pronës tuaj!</p>
