{"id":33581,"date":"2025-08-11T17:10:35","date_gmt":"2025-08-11T15:10:35","guid":{"rendered":"https:\/\/www.perla.al\/?post_type=estate&#038;p=33581"},"modified":"2025-08-11T17:10:35","modified_gmt":"2025-08-11T15:10:35","slug":"shitet-apartament-21-ne-komunen-e-parisit","status":"publish","type":"estate","link":"https:\/\/www.perla.al\/al\/properties\/apartment\/tirane\/komuna-e-parisit\/shitet-apartament-21-ne-komunen-e-parisit\/","title":{"rendered":"Shitet apartament 2+1 ne Komunen e Parisit"},"content":{"rendered":"<p>Shitet apartament 2+1 ne Komunen e Parisit! Ky apartament i mrekulluesh\u00ebm me 2 dhoma gjumi dhe 1 banj\u00eb ndodhet n\u00eb Rrug\u00ebn Robert Shvarc, nj\u00eb nga zonat m\u00eb t\u00eb k\u00ebrkuara rezidenciale n\u00eb Tiran\u00eb. Ofrohet p\u00ebr shitje dhe \u00ebsht\u00eb e re n\u00eb treg, duke ofruar nj\u00eb mund\u00ebsi t\u00eb shk\u00eblqyer investimi.<br \/>\nKy apartament shitet i mobiluar dhe p\u00ebrmban hap\u00ebsira me drit\u00eb natyrale dhe dysheme me parket druri elegant.<br \/>\nApartamenti ndodhet n\u00eb katin e 5.<br \/>\nSiperfaja 82.13 m2<br \/>\nCmimi 185.000 euro <\/p>\n<p>Remax Perla Real Estate kompania num\u00ebr nj\u00eb n\u00eb Shqip\u00ebri p\u00ebr Pasurit\u00eb e Paluajtshme!<br \/>\nNe i japim vler\u00eb pron\u00ebs tuaj!<\/p>\n","protected":false},"author":15,"featured_media":33580,"template":"","class_list":["post-33581","estate","type-estate","status-publish","has-post-thumbnail","hentry","property-type-apartment","offer-type-for-sale","neighborhood-komuna-e-parisit","city-tirane","klient-323-dhurata"],"translation":{"provider":"WPGlobus","version":"2.12.2","language":"al","enabled_languages":["en","al"],"languages":{"en":{"title":true,"content":true,"excerpt":false},"al":{"title":false,"content":false,"excerpt":false}}},"_links":{"self":[{"href":"https:\/\/www.perla.al\/al\/wp-json\/wp\/v2\/estate\/33581"}],"collection":[{"href":"https:\/\/www.perla.al\/al\/wp-json\/wp\/v2\/estate"}],"about":[{"href":"https:\/\/www.perla.al\/al\/wp-json\/wp\/v2\/types\/estate"}],"author":[{"embeddable":true,"href":"https:\/\/www.perla.al\/al\/wp-json\/wp\/v2\/users\/15"}],"wp:featuredmedia":[{"embeddable":true,"href":"https:\/\/www.perla.al\/al\/wp-json\/wp\/v2\/media\/33580"}],"wp:attachment":[{"href":"https:\/\/www.perla.al\/al\/wp-json\/wp\/v2\/media?parent=33581"}],"curies":[{"name":"wp","href":"https:\/\/api.w.org\/{rel}","templated":true}]}}

<p>Shitet apartament 2+1 ne Komunen e Parisit! Ky apartament i mrekullueshëm me 2 dhoma gjumi dhe 1 banjë ndodhet në Rrugën Robert Shvarc, një nga zonat më të kërkuara rezidenciale në Tiranë. Ofrohet për shitje dhe është e re në treg, duke ofruar një mundësi të shkëlqyer investimi.<br />
Ky apartament shitet i mobiluar dhe përmban hapësira me dritë natyrale dhe dysheme me parket druri elegant.<br />
Apartamenti ndodhet në katin e 5.<br />
Siperfaja 82.13 m2<br />
Cmimi 185.000 euro </p>
<p>Remax Perla Real Estate kompania numër një në Shqipëri për Pasuritë e Paluajtshme!<br />
Ne i japim vlerë pronës tuaj!</p>
