{"id":33879,"date":"2025-11-29T10:07:30","date_gmt":"2025-11-29T09:07:30","guid":{"rendered":"https:\/\/www.perla.al\/?post_type=estate&#038;p=33879"},"modified":"2025-11-29T10:07:30","modified_gmt":"2025-11-29T09:07:30","slug":"shitet-apartament-paskuqan","status":"publish","type":"estate","link":"https:\/\/www.perla.al\/al\/properties\/apartment\/tirane\/paskuqan\/shitet-apartament-paskuqan\/","title":{"rendered":"SHITET APARTAMENT PASKUQAN"},"content":{"rendered":"<p>\ud83c\udfe2 Shitet Apartament 1+1 Ring Side Residences<\/p>\n<p>\ud83d\udccd Vendndodhja: Ring Side Residences, nj\u00eb kompleks modern n\u00eb zhvillim t\u00eb vazhduesh\u00ebm.<\/p>\n<p>\ud83d\udcd0 Detaje t\u00eb Pron\u00ebs:<\/p>\n<p>Sip\u00ebrfaqe Bruto: 68.65 m\u00b2<\/p>\n<p>Sip\u00ebrfaqe Neto: 59.44 m\u00b2<\/p>\n<p>Kati: 3<\/p>\n<p>Tipologji: 1+1<\/p>\n<p>\ud83c\udfd7\ufe0f Statusi: Apartamenti \u00ebsht\u00eb n\u00eb faz\u00eb nd\u00ebrtimi, \u00e7ka e b\u00ebn ideal p\u00ebr investim apo p\u00ebr ata q\u00eb k\u00ebrkojn\u00eb ta p\u00ebrshtatin sipas shijes s\u00eb tyre.<\/p>\n","protected":false},"author":174,"featured_media":33878,"template":"","class_list":["post-33879","estate","type-estate","status-publish","has-post-thumbnail","hentry","property-type-apartment","offer-type-for-sale","neighborhood-paskuqan","city-tirane","street-paskuqan","klient-https-www-remax-albania-com-en-listings-condo-apartment-for-sale-paskuqan-530481008-100"],"translation":{"provider":"WPGlobus","version":"2.12.2","language":"al","enabled_languages":["en","al"],"languages":{"en":{"title":true,"content":true,"excerpt":false},"al":{"title":false,"content":false,"excerpt":false}}},"_links":{"self":[{"href":"https:\/\/www.perla.al\/al\/wp-json\/wp\/v2\/estate\/33879"}],"collection":[{"href":"https:\/\/www.perla.al\/al\/wp-json\/wp\/v2\/estate"}],"about":[{"href":"https:\/\/www.perla.al\/al\/wp-json\/wp\/v2\/types\/estate"}],"author":[{"embeddable":true,"href":"https:\/\/www.perla.al\/al\/wp-json\/wp\/v2\/users\/174"}],"wp:featuredmedia":[{"embeddable":true,"href":"https:\/\/www.perla.al\/al\/wp-json\/wp\/v2\/media\/33878"}],"wp:attachment":[{"href":"https:\/\/www.perla.al\/al\/wp-json\/wp\/v2\/media?parent=33879"}],"curies":[{"name":"wp","href":"https:\/\/api.w.org\/{rel}","templated":true}]}}

<p>🏢 Shitet Apartament 1+1 Ring Side Residences</p>
<p>📍 Vendndodhja: Ring Side Residences, një kompleks modern në zhvillim të vazhdueshëm.</p>
<p>📐 Detaje të Pronës:</p>
<p>Sipërfaqe Bruto: 68.65 m²</p>
<p>Sipërfaqe Neto: 59.44 m²</p>
<p>Kati: 3</p>
<p>Tipologji: 1+1</p>
<p>🏗️ Statusi: Apartamenti është në fazë ndërtimi, çka e bën ideal për investim apo për ata që kërkojnë ta përshtatin sipas shijes së tyre.</p>
