{"id":34477,"date":"2026-01-16T14:07:35","date_gmt":"2026-01-16T13:07:35","guid":{"rendered":"https:\/\/www.perla.al\/?post_type=estate&#038;p=34477"},"modified":"2026-01-16T14:07:35","modified_gmt":"2026-01-16T13:07:35","slug":"apartament-31parkim-per-shitje-joy-rezidence","status":"publish","type":"estate","link":"https:\/\/www.perla.al\/al\/properties\/apartment\/tirane\/teg\/apartament-31parkim-per-shitje-joy-rezidence\/","title":{"rendered":"APARTAMENT 3+1+PARKIM PER SHITJE JOY REZIDENCE"},"content":{"rendered":"<p>APARTAMENT 3+1+PARKIM PER SHITJE JOY REZIDENCE<br \/>\nApartamenti ndodhet n\u00eb nj\u00eb nga rezidencat m\u00eb t\u00eb bukura dhe t\u00eb mir\u00eborganizuara n\u00eb Tiran\u00eb, duke ofruar ndjesin\u00eb, cil\u00ebsin\u00eb dhe qet\u00ebsin\u00eb e jetes\u00ebs n\u00eb nj\u00eb vil\u00eb. Vet\u00ebm 2 minuta n\u00eb k\u00ebmb\u00eb nga qendra tregtare TEG, kjo pron\u00eb g\u00ebzon akses t\u00eb menj\u00ebhersh\u00ebm n\u00eb t\u00eb gjitha facilitetet kryesore t\u00eb p\u00ebrditshm\u00ebris\u00eb nga sh\u00ebrbimet tregtare dhe arsimore, tek ato arg\u00ebtuese dhe sh\u00ebndet\u00ebsore.<\/p>\n<p>Nj\u00eb zgjedhje ideale p\u00ebr familje apo profesionist\u00eb q\u00eb vler\u00ebsojn\u00eb komoditetin, sigurin\u00eb dhe stilin e jetes\u00ebs n\u00eb nj\u00eb komunitet t\u00eb mir\u00ebmenaxhuar.<\/p>\n<p>Informacion mbi pronen:<\/p>\n<p>Rezidenc\u00eb Private<br \/>\nNd\u00ebrtim i 2022<br \/>\nTipologjia: Apartament<br \/>\nStruktur\u00eb 3 Kate<br \/>\nSip\u00ebrfaqe Totale: 113m2<br \/>\nGarazh i Bollsh\u00ebm, kat -1 ngjitur me ashensorin<br \/>\nSiguri Maksimale 24\/7<br \/>\nMe HIPOTEK\u00cb \u2705<br \/>\nOrientim: Jug-Lindje-Per\u00ebndim \u2600\ufe0f<\/p>\n<p>Organizimi:<br \/>\nSallon i Bollsh\u00ebm me ambient Ngr\u00ebnie<br \/>\n3 Dhoma Gjumi<br \/>\n2 Tualete Inkaso (1 me Dritare)<\/p>\n<p>Detaje t\u00eb Tjera:<br \/>\nProjektuar me Arkitekt<br \/>\n\u00c7do Hap\u00ebsir\u00eb Funksionale<br \/>\nArredim Premium<br \/>\nIzolim Termo-Akustik me lesh guri<br \/>\nLart\u00ebsi 3,5 metra<br \/>\nInvestuar br\u00ebnda me Mermer t\u00eb cil\u00ebsis premium<br \/>\nVetrata Triplex Termo-Akustike<br \/>\nGrila Automatike<br \/>\nTavan i Varur<br \/>\nNdri\u00e7im Led<br \/>\nSistem Alarmi<br \/>\nSistem Kamerash<\/p>\n","protected":false},"author":15,"featured_media":34470,"template":"","class_list":["post-34477","estate","type-estate","status-publish","has-post-thumbnail","hentry","property-type-apartment","offer-type-for-sale","neighborhood-teg","city-tirane","street-teg","klient-ervisa"],"translation":{"provider":"WPGlobus","version":"2.12.2","language":"al","enabled_languages":["en","al"],"languages":{"en":{"title":true,"content":true,"excerpt":false},"al":{"title":false,"content":false,"excerpt":false}}},"_links":{"self":[{"href":"https:\/\/www.perla.al\/al\/wp-json\/wp\/v2\/estate\/34477"}],"collection":[{"href":"https:\/\/www.perla.al\/al\/wp-json\/wp\/v2\/estate"}],"about":[{"href":"https:\/\/www.perla.al\/al\/wp-json\/wp\/v2\/types\/estate"}],"author":[{"embeddable":true,"href":"https:\/\/www.perla.al\/al\/wp-json\/wp\/v2\/users\/15"}],"wp:featuredmedia":[{"embeddable":true,"href":"https:\/\/www.perla.al\/al\/wp-json\/wp\/v2\/media\/34470"}],"wp:attachment":[{"href":"https:\/\/www.perla.al\/al\/wp-json\/wp\/v2\/media?parent=34477"}],"curies":[{"name":"wp","href":"https:\/\/api.w.org\/{rel}","templated":true}]}}

<p>APARTAMENT 3+1+PARKIM PER SHITJE JOY REZIDENCE<br />
Apartamenti ndodhet në një nga rezidencat më të bukura dhe të mirëorganizuara në Tiranë, duke ofruar ndjesinë, cilësinë dhe qetësinë e jetesës në një vilë. Vetëm 2 minuta në këmbë nga qendra tregtare TEG, kjo pronë gëzon akses të menjëhershëm në të gjitha facilitetet kryesore të përditshmërisë nga shërbimet tregtare dhe arsimore, tek ato argëtuese dhe shëndetësore.</p>
<p>Një zgjedhje ideale për familje apo profesionistë që vlerësojnë komoditetin, sigurinë dhe stilin e jetesës në një komunitet të mirëmenaxhuar.</p>
<p>Informacion mbi pronen:</p>
<p>Rezidencë Private<br />
Ndërtim i 2022<br />
Tipologjia: Apartament<br />
Strukturë 3 Kate<br />
Sipërfaqe Totale: 113m2<br />
Garazh i Bollshëm, kat -1 ngjitur me ashensorin<br />
Siguri Maksimale 24/7<br />
Me HIPOTEKË ✅<br />
Orientim: Jug-Lindje-Perëndim ☀️</p>
<p>Organizimi:<br />
Sallon i Bollshëm me ambient Ngrënie<br />
3 Dhoma Gjumi<br />
2 Tualete Inkaso (1 me Dritare)</p>
<p>Detaje të Tjera:<br />
Projektuar me Arkitekt<br />
Çdo Hapësirë Funksionale<br />
Arredim Premium<br />
Izolim Termo-Akustik me lesh guri<br />
Lartësi 3,5 metra<br />
Investuar brënda me Mermer të cilësis premium<br />
Vetrata Triplex Termo-Akustike<br />
Grila Automatike<br />
Tavan i Varur<br />
Ndriçim Led<br />
Sistem Alarmi<br />
Sistem Kamerash</p>
