{"id":34957,"date":"2026-03-24T17:36:56","date_gmt":"2026-03-24T16:36:56","guid":{"rendered":"https:\/\/www.perla.al\/?post_type=estate&#038;p=34957"},"modified":"2026-03-24T17:36:56","modified_gmt":"2026-03-24T16:36:56","slug":"shitet-apartament-11rez-kodra-e-diellit-2","status":"publish","type":"estate","link":"https:\/\/www.perla.al\/al\/properties\/apartment\/tirane\/kodra-e-diellit\/shitet-apartament-11rez-kodra-e-diellit-2\/","title":{"rendered":"SHITET APARTAMENT 1+1,REZ.. KODRA E DIELLIT 2"},"content":{"rendered":"<p>SHITET APARTAMENT 1+1,REZ.. KODRA E DIELLIT 2<br \/>\nSHITET APARTAMENT 1+1<br \/>\n\ud83d\udccd REZIDENCA KODRA E DIELLIT 2 (TEK FLUTURA)<\/p>\n<p>Apartamenti ndodhet n\u00eb katin e 1-r\u00eb banim dhe karakterizohet nga nj\u00eb organizim funksional dhe hap\u00ebsira t\u00eb bollshme, ideale p\u00ebr banim komod apo investim.<\/p>\n<p>Detaje t\u00eb pron\u00ebs:<br \/>\nSip\u00ebrfaqe neto: 84 m\u00b2 (p\u00ebrfshir\u00eb verand\u00ebn me siperfaqe 21 m2)<br \/>\nSip\u00ebrfaqe bruto: 94 m\u00b2<br \/>\nTipologjia: 1+1<br \/>\nOrganizimi: ambient ndenjeje s\u00eb bashku me kuzhin\u00ebn me dalje ne verande, 1 dhom\u00eb gjume me dalje ne verande, 1 tualet dhe veranda e bollshme<br \/>\nApartamenti shitet plot\u00ebsisht i mobiluar, i investuar dhe gati p\u00ebr banim<br \/>\nDokumentacion i rregullt hipotekor<\/p>\n<p>Prona p\u00ebrfiton nga nj\u00eb lokacion i favorsh\u00ebm, n\u00eb nj\u00eb zon\u00eb t\u00eb qet\u00eb, t\u00eb sigurte rezidenciale, si dhe pran\u00eb faciliteteve t\u00eb ndryshme si supermarkete, shkolla, kopshte dhe sh\u00ebrbime t\u00eb tjera t\u00eb nevojshme p\u00ebr jetes\u00eb.<\/p>\n<p>\ud83d\udcb0 \u00c7mimi i shitjes n\u00eb monedh\u00ebn LEK<\/p>\n","protected":false},"author":15,"featured_media":34952,"template":"","class_list":["post-34957","estate","type-estate","status-publish","has-post-thumbnail","hentry","property-type-apartment","offer-type-for-sale","neighborhood-kodra-e-diellit","city-tirane","street-kodra-e-dielit","klient-ervisa"],"translation":{"provider":"WPGlobus","version":"2.12.2","language":"al","enabled_languages":["en","al"],"languages":{"en":{"title":true,"content":true,"excerpt":false},"al":{"title":false,"content":false,"excerpt":false}}},"_links":{"self":[{"href":"https:\/\/www.perla.al\/al\/wp-json\/wp\/v2\/estate\/34957"}],"collection":[{"href":"https:\/\/www.perla.al\/al\/wp-json\/wp\/v2\/estate"}],"about":[{"href":"https:\/\/www.perla.al\/al\/wp-json\/wp\/v2\/types\/estate"}],"author":[{"embeddable":true,"href":"https:\/\/www.perla.al\/al\/wp-json\/wp\/v2\/users\/15"}],"wp:featuredmedia":[{"embeddable":true,"href":"https:\/\/www.perla.al\/al\/wp-json\/wp\/v2\/media\/34952"}],"wp:attachment":[{"href":"https:\/\/www.perla.al\/al\/wp-json\/wp\/v2\/media?parent=34957"}],"curies":[{"name":"wp","href":"https:\/\/api.w.org\/{rel}","templated":true}]}}

<p>SHITET APARTAMENT 1+1,REZ.. KODRA E DIELLIT 2<br />
SHITET APARTAMENT 1+1<br />
📍 REZIDENCA KODRA E DIELLIT 2 (TEK FLUTURA)</p>
<p>Apartamenti ndodhet në katin e 1-rë banim dhe karakterizohet nga një organizim funksional dhe hapësira të bollshme, ideale për banim komod apo investim.</p>
<p>Detaje të pronës:<br />
Sipërfaqe neto: 84 m² (përfshirë verandën me siperfaqe 21 m2)<br />
Sipërfaqe bruto: 94 m²<br />
Tipologjia: 1+1<br />
Organizimi: ambient ndenjeje së bashku me kuzhinën me dalje ne verande, 1 dhomë gjume me dalje ne verande, 1 tualet dhe veranda e bollshme<br />
Apartamenti shitet plotësisht i mobiluar, i investuar dhe gati për banim<br />
Dokumentacion i rregullt hipotekor</p>
<p>Prona përfiton nga një lokacion i favorshëm, në një zonë të qetë, të sigurte rezidenciale, si dhe pranë faciliteteve të ndryshme si supermarkete, shkolla, kopshte dhe shërbime të tjera të nevojshme për jetesë.</p>
<p>💰 Çmimi i shitjes në monedhën LEK</p>
