{"id":35225,"date":"2026-04-29T14:55:53","date_gmt":"2026-04-29T12:55:53","guid":{"rendered":"https:\/\/www.perla.al\/?post_type=estate&#038;p=35225"},"modified":"2026-04-29T14:55:53","modified_gmt":"2026-04-29T12:55:53","slug":"apartament-per-qira-ura-e-tabakeve-tirane","status":"publish","type":"estate","link":"https:\/\/www.perla.al\/al\/properties\/apartment\/tirane\/ura-tabakeve\/apartament-per-qira-ura-e-tabakeve-tirane\/","title":{"rendered":"Apartament &#8211; P\u00ebr Qira &#8211; Ura e Tabak\u00ebve, Tiran\u00eb"},"content":{"rendered":"<p>Jepet me qera apartament 3+1+2 Qender<br \/>\nJepet me qera apartament 3+1+2 pran\u00eb Shkoll\u00ebs Ismail Qemali, shum\u00eb af\u00ebr qendr\u00ebs<br \/>\nOfrohet p\u00ebr qira apartament i ri, i pabanuar m\u00eb par\u00eb, i cili ndodhet n\u00eb nj\u00eb nga zonat m\u00eb t\u00eb k\u00ebrkuara t\u00eb qytetit, shum\u00eb pran\u00eb qendr\u00ebs dhe pran\u00eb Shkoll\u00ebs Ismail Qemali.<br \/>\n\u25b6\ufe0f Detaje t\u00eb pron\u00ebs:<br \/>\nTipologjia: 3+1+2<br \/>\nSip\u00ebrfaqe neto: 155 m\u00b2<br \/>\nKati: 6 (jo i fundit)<br \/>\nPallat me ashensor<br \/>\n\u25b6\ufe0f Organizimi:<br \/>\nSallon i bollsh\u00ebm ndenjeje<br \/>\nAmbient gatimi i ve\u00e7uar<br \/>\n3 dhoma gjumi<br \/>\n2 tualete<br \/>\nBallkon<br \/>\n\u25b6\ufe0f Karakteristika:<br \/>\nMobilim totalisht i ri<br \/>\nApartament i pabanuar m\u00eb par\u00eb<br \/>\nNdri\u00e7im natyral dhe hap\u00ebsira t\u00eb m\u00ebdha<br \/>\nLokacion shum\u00eb i favorsh\u00ebm, pran\u00eb \u00e7do faciliteti<\/p>\n","protected":false},"author":174,"featured_media":35215,"template":"","class_list":["post-35225","estate","type-estate","status-publish","has-post-thumbnail","hentry","property-type-apartment","offer-type-for-rent","neighborhood-ura-tabakeve","city-tirane","street-ura-tabakeve","klient-https-www-remax-albania-com-sq-al-listime-apartament-per-qira-ura-e-tabakeve-530411014-29"],"translation":{"provider":"WPGlobus","version":"2.12.2","language":"al","enabled_languages":["en","al"],"languages":{"en":{"title":true,"content":true,"excerpt":false},"al":{"title":false,"content":false,"excerpt":false}}},"_links":{"self":[{"href":"https:\/\/www.perla.al\/al\/wp-json\/wp\/v2\/estate\/35225"}],"collection":[{"href":"https:\/\/www.perla.al\/al\/wp-json\/wp\/v2\/estate"}],"about":[{"href":"https:\/\/www.perla.al\/al\/wp-json\/wp\/v2\/types\/estate"}],"author":[{"embeddable":true,"href":"https:\/\/www.perla.al\/al\/wp-json\/wp\/v2\/users\/174"}],"wp:featuredmedia":[{"embeddable":true,"href":"https:\/\/www.perla.al\/al\/wp-json\/wp\/v2\/media\/35215"}],"wp:attachment":[{"href":"https:\/\/www.perla.al\/al\/wp-json\/wp\/v2\/media?parent=35225"}],"curies":[{"name":"wp","href":"https:\/\/api.w.org\/{rel}","templated":true}]}}

Apartament &#8211; Për Qira &#8211; Ura e Tabakëve, Tiranë

<p>Jepet me qera apartament 3+1+2 Qender<br />
Jepet me qera apartament 3+1+2 pranë Shkollës Ismail Qemali, shumë afër qendrës<br />
Ofrohet për qira apartament i ri, i pabanuar më parë, i cili ndodhet në një nga zonat më të kërkuara të qytetit, shumë pranë qendrës dhe pranë Shkollës Ismail Qemali.<br />
▶️ Detaje të pronës:<br />
Tipologjia: 3+1+2<br />
Sipërfaqe neto: 155 m²<br />
Kati: 6 (jo i fundit)<br />
Pallat me ashensor<br />
▶️ Organizimi:<br />
Sallon i bollshëm ndenjeje<br />
Ambient gatimi i veçuar<br />
3 dhoma gjumi<br />
2 tualete<br />
Ballkon<br />
▶️ Karakteristika:<br />
Mobilim totalisht i ri<br />
Apartament i pabanuar më parë<br />
Ndriçim natyral dhe hapësira të mëdha<br />
Lokacion shumë i favorshëm, pranë çdo faciliteti</p>
