{"id":36110,"date":"2026-07-20T11:41:02","date_gmt":"2026-07-20T09:41:02","guid":{"rendered":"https:\/\/www.perla.al\/?post_type=estate&#038;p=36110"},"modified":"2026-07-20T11:41:02","modified_gmt":"2026-07-20T09:41:02","slug":"apartament-per-qira-vila-l-tirane","status":"publish","type":"estate","link":"https:\/\/www.perla.al\/al\/properties\/apartment\/tirane\/vila-l\/apartament-per-qira-vila-l-tirane\/","title":{"rendered":"Apartament &#8211; P\u00ebr Qira &#8211; Vila L, Tiran\u00eb"},"content":{"rendered":"<p>JEPET ME QIRA APARTAMENT 1+1 N\u00cb ASTIR<br \/>\n\ud83d\udccd P\u00ebrball\u00eb Vila L<br \/>\nN\u00eb nj\u00eb nga zonat m\u00eb t\u00eb k\u00ebrkuara t\u00eb Astirit, ofrohet p\u00ebr qira apartament 1+1, ideal p\u00ebr \u00e7ift ose familje t\u00eb vog\u00ebl. Vendndodhje shum\u00eb e favorshme, pran\u00eb t\u00eb gjitha sh\u00ebrbimeve t\u00eb nevojshme: markete, transport publik, shkolla dhe \u00e7do facilitet p\u00ebr nj\u00eb jetes\u00eb komode.<br \/>\n\ud83c\udfe1Apartamenti jepet i mobiluar<br \/>\n\ud83d\udecb Sallon<br \/>\n\ud83d\udecc\ud83c\udffb1 Dhome gjumi<br \/>\n\ud83d\udec11 tualet<br \/>\n\ud83e\ude9cKati i kat\u00ebrt me ashensor<br \/>\n\ud83d\udcb0 43.000 lek\u00eb\/muaj<br \/>\n\ud83d\udcde Na kontaktoni p\u00ebr m\u00eb shum\u00eb informacion ose p\u00ebr t\u00eb rezervuar nj\u00eb vizit\u00eb!<\/p>\n","protected":false},"author":174,"featured_media":36107,"template":"","class_list":["post-36110","estate","type-estate","status-publish","has-post-thumbnail","hentry","property-type-apartment","offer-type-for-rent","neighborhood-vila-l","city-tirane","klient-https-www-remax-albania-com-sq-al-listime-apartament-per-qira-vila-l-530571005-131"],"translation":{"provider":"WPGlobus","version":"2.12.2","language":"al","enabled_languages":["en","al"],"languages":{"en":{"title":true,"content":true,"excerpt":false},"al":{"title":false,"content":false,"excerpt":false}}},"_links":{"self":[{"href":"https:\/\/www.perla.al\/al\/wp-json\/wp\/v2\/estate\/36110"}],"collection":[{"href":"https:\/\/www.perla.al\/al\/wp-json\/wp\/v2\/estate"}],"about":[{"href":"https:\/\/www.perla.al\/al\/wp-json\/wp\/v2\/types\/estate"}],"author":[{"embeddable":true,"href":"https:\/\/www.perla.al\/al\/wp-json\/wp\/v2\/users\/174"}],"wp:featuredmedia":[{"embeddable":true,"href":"https:\/\/www.perla.al\/al\/wp-json\/wp\/v2\/media\/36107"}],"wp:attachment":[{"href":"https:\/\/www.perla.al\/al\/wp-json\/wp\/v2\/media?parent=36110"}],"curies":[{"name":"wp","href":"https:\/\/api.w.org\/{rel}","templated":true}]}}

Apartament &#8211; Për Qira &#8211; Vila L, Tiranë

<p>JEPET ME QIRA APARTAMENT 1+1 NË ASTIR<br />
📍 Përballë Vila L<br />
Në një nga zonat më të kërkuara të Astirit, ofrohet për qira apartament 1+1, ideal për çift ose familje të vogël. Vendndodhje shumë e favorshme, pranë të gjitha shërbimeve të nevojshme: markete, transport publik, shkolla dhe çdo facilitet për një jetesë komode.<br />
🏡Apartamenti jepet i mobiluar<br />
🛋 Sallon<br />
🛌🏻1 Dhome gjumi<br />
🛁1 tualet<br />
🪜Kati i katërt me ashensor<br />
💰 43.000 lekë/muaj<br />
📞 Na kontaktoni për më shumë informacion ose për të rezervuar një vizitë!</p>
